{"text_format":"1","workbook":"xlsx","n_sheets":7,"sheets":["CALCULATOR","PANDA","SKYVIEW","JK3","LIBERTY","SJ","MASTER.DATA"],"not_rendered":{"charts":0,"images":1,"macros":1,"external_links":0,"defined_names":1,"comments":0,"pivot_tables":0},"unopened":[],"bounds":{"document_bytes":16777216,"sheet_cells":100000,"rows_first":2000,"rows_last":500,"rows_between":2000,"halvings":0,"cell_chars":16384,"cell_head_chars":4096},"cells_cut":0,"cells_raw":0,"read":"whole","date_system":"1900"}

{"sheet":"CALCULATOR","index":0,"n_rows":67,"n_cols":8,"rows_kept":67,"cut":false,"hidden":false,"merged":[[63,0,63,2],[66,0,66,2],[65,0,65,1],[64,0,64,1],[0,0,0,2]]}
["CABINETRY",null,null,"PANDA","SKYVIEW","JK3","LIBERTY","SJ CABINETRY"]
["NO","ITEM CODE","QTY","\nDOVE WHITE","WHITE SHAKER","CO66/J5/K10/K3/K8/M01","CHERRY ROPE (CR1)","Vanilla Crème Glazed (A1)"]
[1,"B09",1,{"$f":"VLOOKUP(B3,PANDA[#All],MATCH(CALCULATOR!$D$2,PANDA[#Headers],0),0)*C3","v":115.17},{"$f":"VLOOKUP(B3,SKYVIEW!$A$1:$G$209,MATCH(CALCULATOR!$E$2,SKYVIEW!$A$1:$G$1,0),0)*C3","v":85},{"$f":"VLOOKUP(B3,JK[#All],MATCH(CALCULATOR!$F$2,JK[#Headers],0),0)*C3","v":112.39524999999999},{"$f":"VLOOKUP(B3,LIBERTY[#All],MATCH(CALCULATOR!$G$2,LIBERTY[#Headers],0),0)*C3","v":81.400000000000006},{"$f":"VLOOKUP(B3,SJ!A:R,MATCH(CALCULATOR!$H$2,SJ[#Headers],0),0)*C3","v":90}]
[2,"ITEM CODE",null,{"$f":"VLOOKUP(B4,PANDA[#All],MATCH(CALCULATOR!$D$2,PANDA[#Headers],0),0)*C4","v":0},{"$f":"VLOOKUP(B4,SKYVIEW!$A$1:$G$209,MATCH(CALCULATOR!$E$2,SKYVIEW!$A$1:$G$1,0),0)*C4","v":0},{"$f":"VLOOKUP(B4,JK[#All],MATCH(CALCULATOR!$F$2,JK[#Headers],0),0)*C4","v":0},{"$f":"VLOOKUP(B4,LIBERTY[#All],MATCH(CALCULATOR!$G$2,LIBERTY[#Headers],0),0)*C4","v":0},{"$f":"VLOOKUP(B4,SJ!A:R,MATCH(CALCULATOR!$H$2,SJ[#Headers],0),0)*C4","v":0}]
[3,"ITEM CODE",null,{"$f":"VLOOKUP(B5,PANDA[#All],MATCH(CALCULATOR!$D$2,PANDA[#Headers],0),0)*C5","v":0},{"$f":"VLOOKUP(B5,SKYVIEW!$A$1:$G$209,MATCH(CALCULATOR!$E$2,SKYVIEW!$A$1:$G$1,0),0)*C5","v":0},{"$f":"VLOOKUP(B5,JK[#All],MATCH(CALCULATOR!$F$2,JK[#Headers],0),0)*C5","v":0},{"$f":"VLOOKUP(B5,LIBERTY[#All],MATCH(CALCULATOR!$G$2,LIBERTY[#Headers],0),0)*C5","v":0},{"$f":"VLOOKUP(B5,SJ!A:R,MATCH(CALCULATOR!$H$2,SJ[#Headers],0),0)*C5","v":0}]
[4,"ITEM CODE",null,{"$f":"VLOOKUP(B6,PANDA[#All],MATCH(CALCULATOR!$D$2,PANDA[#Headers],0),0)*C6","v":0},{"$f":"VLOOKUP(B6,SKYVIEW!$A$1:$G$209,MATCH(CALCULATOR!$E$2,SKYVIEW!$A$1:$G$1,0),0)*C6","v":0},{"$f":"VLOOKUP(B6,JK[#All],MATCH(CALCULATOR!$F$2,JK[#Headers],0),0)*C6","v":0},{"$f":"VLOOKUP(B6,LIBERTY[#All],MATCH(CALCULATOR!$G$2,LIBERTY[#Headers],0),0)*C6","v":0},{"$f":"VLOOKUP(B6,SJ!A:R,MATCH(CALCULATOR!$H$2,SJ[#Headers],0),0)*C6","v":0}]
[5,"ITEM CODE",null,{"$f":"VLOOKUP(B7,PANDA[#All],MATCH(CALCULATOR!$D$2,PANDA[#Headers],0),0)*C7","v":0},{"$f":"VLOOKUP(B7,SKYVIEW!$A$1:$G$209,MATCH(CALCULATOR!$E$2,SKYVIEW!$A$1:$G$1,0),0)*C7","v":0},{"$f":"VLOOKUP(B7,JK[#All],MATCH(CALCULATOR!$F$2,JK[#Headers],0),0)*C7","v":0},{"$f":"VLOOKUP(B7,LIBERTY[#All],MATCH(CALCULATOR!$G$2,LIBERTY[#Headers],0),0)*C7","v":0},{"$f":"VLOOKUP(B7,SJ!A:R,MATCH(CALCULATOR!$H$2,SJ[#Headers],0),0)*C7","v":0}]
[6,"ITEM CODE",null,{"$f":"VLOOKUP(B8,PANDA[#All],MATCH(CALCULATOR!$D$2,PANDA[#Headers],0),0)*C8","v":0},{"$f":"VLOOKUP(B8,SKYVIEW!$A$1:$G$209,MATCH(CALCULATOR!$E$2,SKYVIEW!$A$1:$G$1,0),0)*C8","v":0},{"$f":"VLOOKUP(B8,JK[#All],MATCH(CALCULATOR!$F$2,JK[#Headers],0),0)*C8","v":0},{"$f":"VLOOKUP(B8,LIBERTY[#All],MATCH(CALCULATOR!$G$2,LIBERTY[#Headers],0),0)*C8","v":0},{"$f":"VLOOKUP(B8,SJ!A:R,MATCH(CALCULATOR!$H$2,SJ[#Headers],0),0)*C8","v":0}]
[7,"ITEM CODE",null,{"$f":"VLOOKUP(B9,PANDA[#All],MATCH(CALCULATOR!$D$2,PANDA[#Headers],0),0)*C9","v":0},{"$f":"VLOOKUP(B9,SKYVIEW!$A$1:$G$209,MATCH(CALCULATOR!$E$2,SKYVIEW!$A$1:$G$1,0),0)*C9","v":0},{"$f":"VLOOKUP(B9,JK[#All],MATCH(CALCULATOR!$F$2,JK[#Headers],0),0)*C9","v":0},{"$f":"VLOOKUP(B9,LIBERTY[#All],MATCH(CALCULATOR!$G$2,LIBERTY[#Headers],0),0)*C9","v":0},{"$f":"VLOOKUP(B9,SJ!A:R,MATCH(CALCULATOR!$H$2,SJ[#Headers],0),0)*C9","v":0}]
[8,"ITEM CODE",null,{"$f":"VLOOKUP(B10,PANDA[#All],MATCH(CALCULATOR!$D$2,PANDA[#Headers],0),0)*C10","v":0},{"$f":"VLOOKUP(B10,SKYVIEW!$A$1:$G$209,MATCH(CALCULATOR!$E$2,SKYVIEW!$A$1:$G$1,0),0)*C10","v":0},{"$f":"VLOOKUP(B10,JK[#All],MATCH(CALCULATOR!$F$2,JK[#Headers],0),0)*C10","v":0},{"$f":"VLOOKUP(B10,LIBERTY[#All],MATCH(CALCULATOR!$G$2,LIBERTY[#Headers],0),0)*C10","v":0},{"$f":"VLOOKUP(B10,SJ!A:R,MATCH(CALCULATOR!$H$2,SJ[#Headers],0),0)*C10","v":0}]
[9,"ITEM CODE",null,{"$f":"VLOOKUP(B11,PANDA[#All],MATCH(CALCULATOR!$D$2,PANDA[#Headers],0),0)*C11","v":0},{"$f":"VLOOKUP(B11,SKYVIEW!$A$1:$G$209,MATCH(CALCULATOR!$E$2,SKYVIEW!$A$1:$G$1,0),0)*C11","v":0},{"$f":"VLOOKUP(B11,JK[#All],MATCH(CALCULATOR!$F$2,JK[#Headers],0),0)*C11","v":0},{"$f":"VLOOKUP(B11,LIBERTY[#All],MATCH(CALCULATOR!$G$2,LIBERTY[#Headers],0),0)*C11","v":0},{"$f":"VLOOKUP(B11,SJ!A:R,MATCH(CALCULATOR!$H$2,SJ[#Headers],0),0)*C11","v":0}]
[10,"ITEM CODE",null,{"$f":"VLOOKUP(B12,PANDA[#All],MATCH(CALCULATOR!$D$2,PANDA[#Headers],0),0)*C12","v":0},{"$f":"VLOOKUP(B12,SKYVIEW!$A$1:$G$209,MATCH(CALCULATOR!$E$2,SKYVIEW!$A$1:$G$1,0),0)*C12","v":0},{"$f":"VLOOKUP(B12,JK[#All],MATCH(CALCULATOR!$F$2,JK[#Headers],0),0)*C12","v":0},{"$f":"VLOOKUP(B12,LIBERTY[#All],MATCH(CALCULATOR!$G$2,LIBERTY[#Headers],0),0)*C12","v":0},{"$f":"VLOOKUP(B12,SJ!A:R,MATCH(CALCULATOR!$H$2,SJ[#Headers],0),0)*C12","v":0}]
[11,"ITEM CODE",null,{"$f":"VLOOKUP(B13,PANDA[#All],MATCH(CALCULATOR!$D$2,PANDA[#Headers],0),0)*C13","v":0},{"$f":"VLOOKUP(B13,SKYVIEW!$A$1:$G$209,MATCH(CALCULATOR!$E$2,SKYVIEW!$A$1:$G$1,0),0)*C13","v":0},{"$f":"VLOOKUP(B13,JK[#All],MATCH(CALCULATOR!$F$2,JK[#Headers],0),0)*C13","v":0},{"$f":"VLOOKUP(B13,LIBERTY[#All],MATCH(CALCULATOR!$G$2,LIBERTY[#Headers],0),0)*C13","v":0},{"$f":"VLOOKUP(B13,SJ!A:R,MATCH(CALCULATOR!$H$2,SJ[#Headers],0),0)*C13","v":0}]
[12,"ITEM CODE",null,{"$f":"VLOOKUP(B14,PANDA[#All],MATCH(CALCULATOR!$D$2,PANDA[#Headers],0),0)*C14","v":0},{"$f":"VLOOKUP(B14,SKYVIEW!$A$1:$G$209,MATCH(CALCULATOR!$E$2,SKYVIEW!$A$1:$G$1,0),0)*C14","v":0},{"$f":"VLOOKUP(B14,JK[#All],MATCH(CALCULATOR!$F$2,JK[#Headers],0),0)*C14","v":0},{"$f":"VLOOKUP(B14,LIBERTY[#All],MATCH(CALCULATOR!$G$2,LIBERTY[#Headers],0),0)*C14","v":0},{"$f":"VLOOKUP(B14,SJ!A:R,MATCH(CALCULATOR!$H$2,SJ[#Headers],0),0)*C14","v":0}]
[13,"ITEM CODE",null,{"$f":"VLOOKUP(B15,PANDA[#All],MATCH(CALCULATOR!$D$2,PANDA[#Headers],0),0)*C15","v":0},{"$f":"VLOOKUP(B15,SKYVIEW!$A$1:$G$209,MATCH(CALCULATOR!$E$2,SKYVIEW!$A$1:$G$1,0),0)*C15","v":0},{"$f":"VLOOKUP(B15,JK[#All],MATCH(CALCULATOR!$F$2,JK[#Headers],0),0)*C15","v":0},{"$f":"VLOOKUP(B15,LIBERTY[#All],MATCH(CALCULATOR!$G$2,LIBERTY[#Headers],0),0)*C15","v":0},{"$f":"VLOOKUP(B15,SJ!A:R,MATCH(CALCULATOR!$H$2,SJ[#Headers],0),0)*C15","v":0}]
[14,"ITEM CODE",null,{"$f":"VLOOKUP(B16,PANDA[#All],MATCH(CALCULATOR!$D$2,PANDA[#Headers],0),0)*C16","v":0},{"$f":"VLOOKUP(B16,SKYVIEW!$A$1:$G$209,MATCH(CALCULATOR!$E$2,SKYVIEW!$A$1:$G$1,0),0)*C16","v":0},{"$f":"VLOOKUP(B16,JK[#All],MATCH(CALCULATOR!$F$2,JK[#Headers],0),0)*C16","v":0},{"$f":"VLOOKUP(B16,LIBERTY[#All],MATCH(CALCULATOR!$G$2,LIBERTY[#Headers],0),0)*C16","v":0},{"$f":"VLOOKUP(B16,SJ!A:R,MATCH(CALCULATOR!$H$2,SJ[#Headers],0),0)*C16","v":0}]
[15,"ITEM CODE",null,{"$f":"VLOOKUP(B17,PANDA[#All],MATCH(CALCULATOR!$D$2,PANDA[#Headers],0),0)*C17","v":0},{"$f":"VLOOKUP(B17,SKYVIEW!$A$1:$G$209,MATCH(CALCULATOR!$E$2,SKYVIEW!$A$1:$G$1,0),0)*C17","v":0},{"$f":"VLOOKUP(B17,JK[#All],MATCH(CALCULATOR!$F$2,JK[#Headers],0),0)*C17","v":0},{"$f":"VLOOKUP(B17,LIBERTY[#All],MATCH(CALCULATOR!$G$2,LIBERTY[#Headers],0),0)*C17","v":0},{"$f":"VLOOKUP(B17,SJ!A:R,MATCH(CALCULATOR!$H$2,SJ[#Headers],0),0)*C17","v":0}]
[16,"ITEM CODE",null,{"$f":"VLOOKUP(B18,PANDA[#All],MATCH(CALCULATOR!$D$2,PANDA[#Headers],0),0)*C18","v":0},{"$f":"VLOOKUP(B18,SKYVIEW!$A$1:$G$209,MATCH(CALCULATOR!$E$2,SKYVIEW!$A$1:$G$1,0),0)*C18","v":0},{"$f":"VLOOKUP(B18,JK[#All],MATCH(CALCULATOR!$F$2,JK[#Headers],0),0)*C18","v":0},{"$f":"VLOOKUP(B18,LIBERTY[#All],MATCH(CALCULATOR!$G$2,LIBERTY[#Headers],0),0)*C18","v":0},{"$f":"VLOOKUP(B18,SJ!A:R,MATCH(CALCULATOR!$H$2,SJ[#Headers],0),0)*C18","v":0}]
[17,"ITEM CODE",null,{"$f":"VLOOKUP(B19,PANDA[#All],MATCH(CALCULATOR!$D$2,PANDA[#Headers],0),0)*C19","v":0},{"$f":"VLOOKUP(B19,SKYVIEW!$A$1:$G$209,MATCH(CALCULATOR!$E$2,SKYVIEW!$A$1:$G$1,0),0)*C19","v":0},{"$f":"VLOOKUP(B19,JK[#All],MATCH(CALCULATOR!$F$2,JK[#Headers],0),0)*C19","v":0},{"$f":"VLOOKUP(B19,LIBERTY[#All],MATCH(CALCULATOR!$G$2,LIBERTY[#Headers],0),0)*C19","v":0},{"$f":"VLOOKUP(B19,SJ!A:R,MATCH(CALCULATOR!$H$2,SJ[#Headers],0),0)*C19","v":0}]
[18,"ITEM CODE",null,{"$f":"VLOOKUP(B20,PANDA[#All],MATCH(CALCULATOR!$D$2,PANDA[#Headers],0),0)*C20","v":0},{"$f":"VLOOKUP(B20,SKYVIEW!$A$1:$G$209,MATCH(CALCULATOR!$E$2,SKYVIEW!$A$1:$G$1,0),0)*C20","v":0},{"$f":"VLOOKUP(B20,JK[#All],MATCH(CALCULATOR!$F$2,JK[#Headers],0),0)*C20","v":0},{"$f":"VLOOKUP(B20,LIBERTY[#All],MATCH(CALCULATOR!$G$2,LIBERTY[#Headers],0),0)*C20","v":0},{"$f":"VLOOKUP(B20,SJ!A:R,MATCH(CALCULATOR!$H$2,SJ[#Headers],0),0)*C20","v":0}]
[19,"ITEM CODE",null,{"$f":"VLOOKUP(B21,PANDA[#All],MATCH(CALCULATOR!$D$2,PANDA[#Headers],0),0)*C21","v":0},{"$f":"VLOOKUP(B21,SKYVIEW!$A$1:$G$209,MATCH(CALCULATOR!$E$2,SKYVIEW!$A$1:$G$1,0),0)*C21","v":0},{"$f":"VLOOKUP(B21,JK[#All],MATCH(CALCULATOR!$F$2,JK[#Headers],0),0)*C21","v":0},{"$f":"VLOOKUP(B21,LIBERTY[#All],MATCH(CALCULATOR!$G$2,LIBERTY[#Headers],0),0)*C21","v":0},{"$f":"VLOOKUP(B21,SJ!A:R,MATCH(CALCULATOR!$H$2,SJ[#Headers],0),0)*C21","v":0}]
[20,"ITEM CODE",null,{"$f":"VLOOKUP(B22,PANDA[#All],MATCH(CALCULATOR!$D$2,PANDA[#Headers],0),0)*C22","v":0},{"$f":"VLOOKUP(B22,SKYVIEW!$A$1:$G$209,MATCH(CALCULATOR!$E$2,SKYVIEW!$A$1:$G$1,0),0)*C22","v":0},{"$f":"VLOOKUP(B22,JK[#All],MATCH(CALCULATOR!$F$2,JK[#Headers],0),0)*C22","v":0},{"$f":"VLOOKUP(B22,LIBERTY[#All],MATCH(CALCULATOR!$G$2,LIBERTY[#Headers],0),0)*C22","v":0},{"$f":"VLOOKUP(B22,SJ!A:R,MATCH(CALCULATOR!$H$2,SJ[#Headers],0),0)*C22","v":0}]
[21,"ITEM CODE",null,{"$f":"VLOOKUP(B23,PANDA[#All],MATCH(CALCULATOR!$D$2,PANDA[#Headers],0),0)*C23","v":0},{"$f":"VLOOKUP(B23,SKYVIEW!$A$1:$G$209,MATCH(CALCULATOR!$E$2,SKYVIEW!$A$1:$G$1,0),0)*C23","v":0},{"$f":"VLOOKUP(B23,JK[#All],MATCH(CALCULATOR!$F$2,JK[#Headers],0),0)*C23","v":0},{"$f":"VLOOKUP(B23,LIBERTY[#All],MATCH(CALCULATOR!$G$2,LIBERTY[#Headers],0),0)*C23","v":0},{"$f":"VLOOKUP(B23,SJ!A:R,MATCH(CALCULATOR!$H$2,SJ[#Headers],0),0)*C23","v":0}]
[22,"ITEM CODE",null,{"$f":"VLOOKUP(B24,PANDA[#All],MATCH(CALCULATOR!$D$2,PANDA[#Headers],0),0)*C24","v":0},{"$f":"VLOOKUP(B24,SKYVIEW!$A$1:$G$209,MATCH(CALCULATOR!$E$2,SKYVIEW!$A$1:$G$1,0),0)*C24","v":0},{"$f":"VLOOKUP(B24,JK[#All],MATCH(CALCULATOR!$F$2,JK[#Headers],0),0)*C24","v":0},{"$f":"VLOOKUP(B24,LIBERTY[#All],MATCH(CALCULATOR!$G$2,LIBERTY[#Headers],0),0)*C24","v":0},{"$f":"VLOOKUP(B24,SJ!A:R,MATCH(CALCULATOR!$H$2,SJ[#Headers],0),0)*C24","v":0}]
[23,"ITEM CODE",null,{"$f":"VLOOKUP(B25,PANDA[#All],MATCH(CALCULATOR!$D$2,PANDA[#Headers],0),0)*C25","v":0},{"$f":"VLOOKUP(B25,SKYVIEW!$A$1:$G$209,MATCH(CALCULATOR!$E$2,SKYVIEW!$A$1:$G$1,0),0)*C25","v":0},{"$f":"VLOOKUP(B25,JK[#All],MATCH(CALCULATOR!$F$2,JK[#Headers],0),0)*C25","v":0},{"$f":"VLOOKUP(B25,LIBERTY[#All],MATCH(CALCULATOR!$G$2,LIBERTY[#Headers],0),0)*C25","v":0},{"$f":"VLOOKUP(B25,SJ!A:R,MATCH(CALCULATOR!$H$2,SJ[#Headers],0),0)*C25","v":0}]
[24,"ITEM CODE",null,{"$f":"VLOOKUP(B26,PANDA[#All],MATCH(CALCULATOR!$D$2,PANDA[#Headers],0),0)*C26","v":0},{"$f":"VLOOKUP(B26,SKYVIEW!$A$1:$G$209,MATCH(CALCULATOR!$E$2,SKYVIEW!$A$1:$G$1,0),0)*C26","v":0},{"$f":"VLOOKUP(B26,JK[#All],MATCH(CALCULATOR!$F$2,JK[#Headers],0),0)*C26","v":0},{"$f":"VLOOKUP(B26,LIBERTY[#All],MATCH(CALCULATOR!$G$2,LIBERTY[#Headers],0),0)*C26","v":0},{"$f":"VLOOKUP(B26,SJ!A:R,MATCH(CALCULATOR!$H$2,SJ[#Headers],0),0)*C26","v":0}]
[25,"ITEM CODE",null,{"$f":"VLOOKUP(B27,PANDA[#All],MATCH(CALCULATOR!$D$2,PANDA[#Headers],0),0)*C27","v":0},{"$f":"VLOOKUP(B27,SKYVIEW!$A$1:$G$209,MATCH(CALCULATOR!$E$2,SKYVIEW!$A$1:$G$1,0),0)*C27","v":0},{"$f":"VLOOKUP(B27,JK[#All],MATCH(CALCULATOR!$F$2,JK[#Headers],0),0)*C27","v":0},{"$f":"VLOOKUP(B27,LIBERTY[#All],MATCH(CALCULATOR!$G$2,LIBERTY[#Headers],0),0)*C27","v":0},{"$f":"VLOOKUP(B27,SJ!A:R,MATCH(CALCULATOR!$H$2,SJ[#Headers],0),0)*C27","v":0}]
[26,"ITEM CODE",null,{"$f":"VLOOKUP(B28,PANDA[#All],MATCH(CALCULATOR!$D$2,PANDA[#Headers],0),0)*C28","v":0},{"$f":"VLOOKUP(B28,SKYVIEW!$A$1:$G$209,MATCH(CALCULATOR!$E$2,SKYVIEW!$A$1:$G$1,0),0)*C28","v":0},{"$f":"VLOOKUP(B28,JK[#All],MATCH(CALCULATOR!$F$2,JK[#Headers],0),0)*C28","v":0},{"$f":"VLOOKUP(B28,LIBERTY[#All],MATCH(CALCULATOR!$G$2,LIBERTY[#Headers],0),0)*C28","v":0},{"$f":"VLOOKUP(B28,SJ!A:R,MATCH(CALCULATOR!$H$2,SJ[#Headers],0),0)*C28","v":0}]
[27,"ITEM CODE",null,{"$f":"VLOOKUP(B29,PANDA[#All],MATCH(CALCULATOR!$D$2,PANDA[#Headers],0),0)*C29","v":0},{"$f":"VLOOKUP(B29,SKYVIEW!$A$1:$G$209,MATCH(CALCULATOR!$E$2,SKYVIEW!$A$1:$G$1,0),0)*C29","v":0},{"$f":"VLOOKUP(B29,JK[#All],MATCH(CALCULATOR!$F$2,JK[#Headers],0),0)*C29","v":0},{"$f":"VLOOKUP(B29,LIBERTY[#All],MATCH(CALCULATOR!$G$2,LIBERTY[#Headers],0),0)*C29","v":0},{"$f":"VLOOKUP(B29,SJ!A:R,MATCH(CALCULATOR!$H$2,SJ[#Headers],0),0)*C29","v":0}]
[28,"ITEM CODE",null,{"$f":"VLOOKUP(B30,PANDA[#All],MATCH(CALCULATOR!$D$2,PANDA[#Headers],0),0)*C30","v":0},{"$f":"VLOOKUP(B30,SKYVIEW!$A$1:$G$209,MATCH(CALCULATOR!$E$2,SKYVIEW!$A$1:$G$1,0),0)*C30","v":0},{"$f":"VLOOKUP(B30,JK[#All],MATCH(CALCULATOR!$F$2,JK[#Headers],0),0)*C30","v":0},{"$f":"VLOOKUP(B30,LIBERTY[#All],MATCH(CALCULATOR!$G$2,LIBERTY[#Headers],0),0)*C30","v":0},{"$f":"VLOOKUP(B30,SJ!A:R,MATCH(CALCULATOR!$H$2,SJ[#Headers],0),0)*C30","v":0}]
[29,"ITEM CODE",null,{"$f":"VLOOKUP(B31,PANDA[#All],MATCH(CALCULATOR!$D$2,PANDA[#Headers],0),0)*C31","v":0},{"$f":"VLOOKUP(B31,SKYVIEW!$A$1:$G$209,MATCH(CALCULATOR!$E$2,SKYVIEW!$A$1:$G$1,0),0)*C31","v":0},{"$f":"VLOOKUP(B31,JK[#All],MATCH(CALCULATOR!$F$2,JK[#Headers],0),0)*C31","v":0},{"$f":"VLOOKUP(B31,LIBERTY[#All],MATCH(CALCULATOR!$G$2,LIBERTY[#Headers],0),0)*C31","v":0},{"$f":"VLOOKUP(B31,SJ!A:R,MATCH(CALCULATOR!$H$2,SJ[#Headers],0),0)*C31","v":0}]
[30,"ITEM CODE",null,{"$f":"VLOOKUP(B32,PANDA[#All],MATCH(CALCULATOR!$D$2,PANDA[#Headers],0),0)*C32","v":0},{"$f":"VLOOKUP(B32,SKYVIEW!$A$1:$G$209,MATCH(CALCULATOR!$E$2,SKYVIEW!$A$1:$G$1,0),0)*C32","v":0},{"$f":"VLOOKUP(B32,JK[#All],MATCH(CALCULATOR!$F$2,JK[#Headers],0),0)*C32","v":0},{"$f":"VLOOKUP(B32,LIBERTY[#All],MATCH(CALCULATOR!$G$2,LIBERTY[#Headers],0),0)*C32","v":0},{"$f":"VLOOKUP(B32,SJ!A:R,MATCH(CALCULATOR!$H$2,SJ[#Headers],0),0)*C32","v":0}]
[31,"ITEM CODE",null,{"$f":"VLOOKUP(B33,PANDA[#All],MATCH(CALCULATOR!$D$2,PANDA[#Headers],0),0)*C33","v":0},{"$f":"VLOOKUP(B33,SKYVIEW!$A$1:$G$209,MATCH(CALCULATOR!$E$2,SKYVIEW!$A$1:$G$1,0),0)*C33","v":0},{"$f":"VLOOKUP(B33,JK[#All],MATCH(CALCULATOR!$F$2,JK[#Headers],0),0)*C33","v":0},{"$f":"VLOOKUP(B33,LIBERTY[#All],MATCH(CALCULATOR!$G$2,LIBERTY[#Headers],0),0)*C33","v":0},{"$f":"VLOOKUP(B33,SJ!A:R,MATCH(CALCULATOR!$H$2,SJ[#Headers],0),0)*C33","v":0}]
[32,"ITEM CODE",null,{"$f":"VLOOKUP(B34,PANDA[#All],MATCH(CALCULATOR!$D$2,PANDA[#Headers],0),0)*C34","v":0},{"$f":"VLOOKUP(B34,SKYVIEW!$A$1:$G$209,MATCH(CALCULATOR!$E$2,SKYVIEW!$A$1:$G$1,0),0)*C34","v":0},{"$f":"VLOOKUP(B34,JK[#All],MATCH(CALCULATOR!$F$2,JK[#Headers],0),0)*C34","v":0},{"$f":"VLOOKUP(B34,LIBERTY[#All],MATCH(CALCULATOR!$G$2,LIBERTY[#Headers],0),0)*C34","v":0},{"$f":"VLOOKUP(B34,SJ!A:R,MATCH(CALCULATOR!$H$2,SJ[#Headers],0),0)*C34","v":0}]
[33,"ITEM CODE",null,{"$f":"VLOOKUP(B35,PANDA[#All],MATCH(CALCULATOR!$D$2,PANDA[#Headers],0),0)*C35","v":0},{"$f":"VLOOKUP(B35,SKYVIEW!$A$1:$G$209,MATCH(CALCULATOR!$E$2,SKYVIEW!$A$1:$G$1,0),0)*C35","v":0},{"$f":"VLOOKUP(B35,JK[#All],MATCH(CALCULATOR!$F$2,JK[#Headers],0),0)*C35","v":0},{"$f":"VLOOKUP(B35,LIBERTY[#All],MATCH(CALCULATOR!$G$2,LIBERTY[#Headers],0),0)*C35","v":0},{"$f":"VLOOKUP(B35,SJ!A:R,MATCH(CALCULATOR!$H$2,SJ[#Headers],0),0)*C35","v":0}]
[34,"ITEM CODE",null,{"$f":"VLOOKUP(B36,PANDA[#All],MATCH(CALCULATOR!$D$2,PANDA[#Headers],0),0)*C36","v":0},{"$f":"VLOOKUP(B36,SKYVIEW!$A$1:$G$209,MATCH(CALCULATOR!$E$2,SKYVIEW!$A$1:$G$1,0),0)*C36","v":0},{"$f":"VLOOKUP(B36,JK[#All],MATCH(CALCULATOR!$F$2,JK[#Headers],0),0)*C36","v":0},{"$f":"VLOOKUP(B36,LIBERTY[#All],MATCH(CALCULATOR!$G$2,LIBERTY[#Headers],0),0)*C36","v":0},{"$f":"VLOOKUP(B36,SJ!A:R,MATCH(CALCULATOR!$H$2,SJ[#Headers],0),0)*C36","v":0}]
[35,"ITEM CODE",null,{"$f":"VLOOKUP(B37,PANDA[#All],MATCH(CALCULATOR!$D$2,PANDA[#Headers],0),0)*C37","v":0},{"$f":"VLOOKUP(B37,SKYVIEW!$A$1:$G$209,MATCH(CALCULATOR!$E$2,SKYVIEW!$A$1:$G$1,0),0)*C37","v":0},{"$f":"VLOOKUP(B37,JK[#All],MATCH(CALCULATOR!$F$2,JK[#Headers],0),0)*C37","v":0},{"$f":"VLOOKUP(B37,LIBERTY[#All],MATCH(CALCULATOR!$G$2,LIBERTY[#Headers],0),0)*C37","v":0},{"$f":"VLOOKUP(B37,SJ!A:R,MATCH(CALCULATOR!$H$2,SJ[#Headers],0),0)*C37","v":0}]
[36,"ITEM CODE",null,{"$f":"VLOOKUP(B38,PANDA[#All],MATCH(CALCULATOR!$D$2,PANDA[#Headers],0),0)*C38","v":0},{"$f":"VLOOKUP(B38,SKYVIEW!$A$1:$G$209,MATCH(CALCULATOR!$E$2,SKYVIEW!$A$1:$G$1,0),0)*C38","v":0},{"$f":"VLOOKUP(B38,JK[#All],MATCH(CALCULATOR!$F$2,JK[#Headers],0),0)*C38","v":0},{"$f":"VLOOKUP(B38,LIBERTY[#All],MATCH(CALCULATOR!$G$2,LIBERTY[#Headers],0),0)*C38","v":0},{"$f":"VLOOKUP(B38,SJ!A:R,MATCH(CALCULATOR!$H$2,SJ[#Headers],0),0)*C38","v":0}]
[37,"ITEM CODE",null,{"$f":"VLOOKUP(B39,PANDA[#All],MATCH(CALCULATOR!$D$2,PANDA[#Headers],0),0)*C39","v":0},{"$f":"VLOOKUP(B39,SKYVIEW!$A$1:$G$209,MATCH(CALCULATOR!$E$2,SKYVIEW!$A$1:$G$1,0),0)*C39","v":0},{"$f":"VLOOKUP(B39,JK[#All],MATCH(CALCULATOR!$F$2,JK[#Headers],0),0)*C39","v":0},{"$f":"VLOOKUP(B39,LIBERTY[#All],MATCH(CALCULATOR!$G$2,LIBERTY[#Headers],0),0)*C39","v":0},{"$f":"VLOOKUP(B39,SJ!A:R,MATCH(CALCULATOR!$H$2,SJ[#Headers],0),0)*C39","v":0}]
[38,"ITEM CODE",null,{"$f":"VLOOKUP(B40,PANDA[#All],MATCH(CALCULATOR!$D$2,PANDA[#Headers],0),0)*C40","v":0},{"$f":"VLOOKUP(B40,SKYVIEW!$A$1:$G$209,MATCH(CALCULATOR!$E$2,SKYVIEW!$A$1:$G$1,0),0)*C40","v":0},{"$f":"VLOOKUP(B40,JK[#All],MATCH(CALCULATOR!$F$2,JK[#Headers],0),0)*C40","v":0},{"$f":"VLOOKUP(B40,LIBERTY[#All],MATCH(CALCULATOR!$G$2,LIBERTY[#Headers],0),0)*C40","v":0},{"$f":"VLOOKUP(B40,SJ!A:R,MATCH(CALCULATOR!$H$2,SJ[#Headers],0),0)*C40","v":0}]
[39,"ITEM CODE",null,{"$f":"VLOOKUP(B41,PANDA[#All],MATCH(CALCULATOR!$D$2,PANDA[#Headers],0),0)*C41","v":0},{"$f":"VLOOKUP(B41,SKYVIEW!$A$1:$G$209,MATCH(CALCULATOR!$E$2,SKYVIEW!$A$1:$G$1,0),0)*C41","v":0},{"$f":"VLOOKUP(B41,JK[#All],MATCH(CALCULATOR!$F$2,JK[#Headers],0),0)*C41","v":0},{"$f":"VLOOKUP(B41,LIBERTY[#All],MATCH(CALCULATOR!$G$2,LIBERTY[#Headers],0),0)*C41","v":0},{"$f":"VLOOKUP(B41,SJ!A:R,MATCH(CALCULATOR!$H$2,SJ[#Headers],0),0)*C41","v":0}]
[40,"ITEM CODE",null,{"$f":"VLOOKUP(B42,PANDA[#All],MATCH(CALCULATOR!$D$2,PANDA[#Headers],0),0)*C42","v":0},{"$f":"VLOOKUP(B42,SKYVIEW!$A$1:$G$209,MATCH(CALCULATOR!$E$2,SKYVIEW!$A$1:$G$1,0),0)*C42","v":0},{"$f":"VLOOKUP(B42,JK[#All],MATCH(CALCULATOR!$F$2,JK[#Headers],0),0)*C42","v":0},{"$f":"VLOOKUP(B42,LIBERTY[#All],MATCH(CALCULATOR!$G$2,LIBERTY[#Headers],0),0)*C42","v":0},{"$f":"VLOOKUP(B42,SJ!A:R,MATCH(CALCULATOR!$H$2,SJ[#Headers],0),0)*C42","v":0}]
[41,"ITEM CODE",null,{"$f":"VLOOKUP(B43,PANDA[#All],MATCH(CALCULATOR!$D$2,PANDA[#Headers],0),0)*C43","v":0},{"$f":"VLOOKUP(B43,SKYVIEW!$A$1:$G$209,MATCH(CALCULATOR!$E$2,SKYVIEW!$A$1:$G$1,0),0)*C43","v":0},{"$f":"VLOOKUP(B43,JK[#All],MATCH(CALCULATOR!$F$2,JK[#Headers],0),0)*C43","v":0},{"$f":"VLOOKUP(B43,LIBERTY[#All],MATCH(CALCULATOR!$G$2,LIBERTY[#Headers],0),0)*C43","v":0},{"$f":"VLOOKUP(B43,SJ!A:R,MATCH(CALCULATOR!$H$2,SJ[#Headers],0),0)*C43","v":0}]
[42,"ITEM CODE",null,{"$f":"VLOOKUP(B44,PANDA[#All],MATCH(CALCULATOR!$D$2,PANDA[#Headers],0),0)*C44","v":0},{"$f":"VLOOKUP(B44,SKYVIEW!$A$1:$G$209,MATCH(CALCULATOR!$E$2,SKYVIEW!$A$1:$G$1,0),0)*C44","v":0},{"$f":"VLOOKUP(B44,JK[#All],MATCH(CALCULATOR!$F$2,JK[#Headers],0),0)*C44","v":0},{"$f":"VLOOKUP(B44,LIBERTY[#All],MATCH(CALCULATOR!$G$2,LIBERTY[#Headers],0),0)*C44","v":0},{"$f":"VLOOKUP(B44,SJ!A:R,MATCH(CALCULATOR!$H$2,SJ[#Headers],0),0)*C44","v":0}]
[43,"ITEM CODE",null,{"$f":"VLOOKUP(B45,PANDA[#All],MATCH(CALCULATOR!$D$2,PANDA[#Headers],0),0)*C45","v":0},{"$f":"VLOOKUP(B45,SKYVIEW!$A$1:$G$209,MATCH(CALCULATOR!$E$2,SKYVIEW!$A$1:$G$1,0),0)*C45","v":0},{"$f":"VLOOKUP(B45,JK[#All],MATCH(CALCULATOR!$F$2,JK[#Headers],0),0)*C45","v":0},{"$f":"VLOOKUP(B45,LIBERTY[#All],MATCH(CALCULATOR!$G$2,LIBERTY[#Headers],0),0)*C45","v":0},{"$f":"VLOOKUP(B45,SJ!A:R,MATCH(CALCULATOR!$H$2,SJ[#Headers],0),0)*C45","v":0}]
[44,"ITEM CODE",null,{"$f":"VLOOKUP(B46,PANDA[#All],MATCH(CALCULATOR!$D$2,PANDA[#Headers],0),0)*C46","v":0},{"$f":"VLOOKUP(B46,SKYVIEW!$A$1:$G$209,MATCH(CALCULATOR!$E$2,SKYVIEW!$A$1:$G$1,0),0)*C46","v":0},{"$f":"VLOOKUP(B46,JK[#All],MATCH(CALCULATOR!$F$2,JK[#Headers],0),0)*C46","v":0},{"$f":"VLOOKUP(B46,LIBERTY[#All],MATCH(CALCULATOR!$G$2,LIBERTY[#Headers],0),0)*C46","v":0},{"$f":"VLOOKUP(B46,SJ!A:R,MATCH(CALCULATOR!$H$2,SJ[#Headers],0),0)*C46","v":0}]
[45,"ITEM CODE",null,{"$f":"VLOOKUP(B47,PANDA[#All],MATCH(CALCULATOR!$D$2,PANDA[#Headers],0),0)*C47","v":0},{"$f":"VLOOKUP(B47,SKYVIEW!$A$1:$G$209,MATCH(CALCULATOR!$E$2,SKYVIEW!$A$1:$G$1,0),0)*C47","v":0},{"$f":"VLOOKUP(B47,JK[#All],MATCH(CALCULATOR!$F$2,JK[#Headers],0),0)*C47","v":0},{"$f":"VLOOKUP(B47,LIBERTY[#All],MATCH(CALCULATOR!$G$2,LIBERTY[#Headers],0),0)*C47","v":0},{"$f":"VLOOKUP(B47,SJ!A:R,MATCH(CALCULATOR!$H$2,SJ[#Headers],0),0)*C47","v":0}]
[46,"ACCESSORIES",null,0,0,0,0,0]
[47,"ITEM CODE",null,{"$f":"VLOOKUP(B49,PANDA[#All],MATCH(CALCULATOR!$D$2,PANDA[#Headers],0),0)*C49","v":0},{"$f":"VLOOKUP(B49,SKYVIEW!$A$1:$G$209,MATCH(CALCULATOR!$E$2,SKYVIEW!$A$1:$G$1,0),0)*C49","v":0},{"$f":"VLOOKUP(B49,JK[#All],MATCH(CALCULATOR!$F$2,JK[#Headers],0),0)*C49","v":0},{"$f":"VLOOKUP(B49,LIBERTY[#All],MATCH(CALCULATOR!$G$2,LIBERTY[#Headers],0),0)*C49","v":0},{"$f":"VLOOKUP(B49,SJ!A:R,MATCH(CALCULATOR!$H$2,SJ[#Headers],0),0)*C49","v":0}]
[48,"ITEM CODE",null,{"$f":"VLOOKUP(B50,PANDA[#All],MATCH(CALCULATOR!$D$2,PANDA[#Headers],0),0)*C50","v":0},{"$f":"VLOOKUP(B50,SKYVIEW!$A$1:$G$209,MATCH(CALCULATOR!$E$2,SKYVIEW!$A$1:$G$1,0),0)*C50","v":0},{"$f":"VLOOKUP(B50,JK[#All],MATCH(CALCULATOR!$F$2,JK[#Headers],0),0)*C50","v":0},{"$f":"VLOOKUP(B50,LIBERTY[#All],MATCH(CALCULATOR!$G$2,LIBERTY[#Headers],0),0)*C50","v":0},{"$f":"VLOOKUP(B50,SJ!A:R,MATCH(CALCULATOR!$H$2,SJ[#Headers],0),0)*C50","v":0}]
[49,"ITEM CODE",null,{"$f":"VLOOKUP(B51,PANDA[#All],MATCH(CALCULATOR!$D$2,PANDA[#Headers],0),0)*C51","v":0},{"$f":"VLOOKUP(B51,SKYVIEW!$A$1:$G$209,MATCH(CALCULATOR!$E$2,SKYVIEW!$A$1:$G$1,0),0)*C51","v":0},{"$f":"VLOOKUP(B51,JK[#All],MATCH(CALCULATOR!$F$2,JK[#Headers],0),0)*C51","v":0},{"$f":"VLOOKUP(B51,LIBERTY[#All],MATCH(CALCULATOR!$G$2,LIBERTY[#Headers],0),0)*C51","v":0},{"$f":"VLOOKUP(B51,SJ!A:R,MATCH(CALCULATOR!$H$2,SJ[#Headers],0),0)*C51","v":0}]
[50,"ITEM CODE",null,{"$f":"VLOOKUP(B52,PANDA[#All],MATCH(CALCULATOR!$D$2,PANDA[#Headers],0),0)*C52","v":0},{"$f":"VLOOKUP(B52,SKYVIEW!$A$1:$G$209,MATCH(CALCULATOR!$E$2,SKYVIEW!$A$1:$G$1,0),0)*C52","v":0},{"$f":"VLOOKUP(B52,JK[#All],MATCH(CALCULATOR!$F$2,JK[#Headers],0),0)*C52","v":0},{"$f":"VLOOKUP(B52,LIBERTY[#All],MATCH(CALCULATOR!$G$2,LIBERTY[#Headers],0),0)*C52","v":0},{"$f":"VLOOKUP(B52,SJ!A:R,MATCH(CALCULATOR!$H$2,SJ[#Headers],0),0)*C52","v":0}]
[51,"ITEM CODE",null,{"$f":"VLOOKUP(B53,PANDA[#All],MATCH(CALCULATOR!$D$2,PANDA[#Headers],0),0)*C53","v":0},{"$f":"VLOOKUP(B53,SKYVIEW!$A$1:$G$209,MATCH(CALCULATOR!$E$2,SKYVIEW!$A$1:$G$1,0),0)*C53","v":0},{"$f":"VLOOKUP(B53,JK[#All],MATCH(CALCULATOR!$F$2,JK[#Headers],0),0)*C53","v":0},{"$f":"VLOOKUP(B53,LIBERTY[#All],MATCH(CALCULATOR!$G$2,LIBERTY[#Headers],0),0)*C53","v":0},{"$f":"VLOOKUP(B53,SJ!A:R,MATCH(CALCULATOR!$H$2,SJ[#Headers],0),0)*C53","v":0}]
[52,"ITEM CODE",null,{"$f":"VLOOKUP(B54,PANDA[#All],MATCH(CALCULATOR!$D$2,PANDA[#Headers],0),0)*C54","v":0},{"$f":"VLOOKUP(B54,SKYVIEW!$A$1:$G$209,MATCH(CALCULATOR!$E$2,SKYVIEW!$A$1:$G$1,0),0)*C54","v":0},{"$f":"VLOOKUP(B54,JK[#All],MATCH(CALCULATOR!$F$2,JK[#Headers],0),0)*C54","v":0},{"$f":"VLOOKUP(B54,LIBERTY[#All],MATCH(CALCULATOR!$G$2,LIBERTY[#Headers],0),0)*C54","v":0},{"$f":"VLOOKUP(B54,SJ!A:R,MATCH(CALCULATOR!$H$2,SJ[#Headers],0),0)*C54","v":0}]
[53,"ITEM CODE",null,{"$f":"VLOOKUP(B55,PANDA[#All],MATCH(CALCULATOR!$D$2,PANDA[#Headers],0),0)*C55","v":0},{"$f":"VLOOKUP(B55,SKYVIEW!$A$1:$G$209,MATCH(CALCULATOR!$E$2,SKYVIEW!$A$1:$G$1,0),0)*C55","v":0},{"$f":"VLOOKUP(B55,JK[#All],MATCH(CALCULATOR!$F$2,JK[#Headers],0),0)*C55","v":0},{"$f":"VLOOKUP(B55,LIBERTY[#All],MATCH(CALCULATOR!$G$2,LIBERTY[#Headers],0),0)*C55","v":0},{"$f":"VLOOKUP(B55,SJ!A:R,MATCH(CALCULATOR!$H$2,SJ[#Headers],0),0)*C55","v":0}]
[54,"ITEM CODE",null,{"$f":"VLOOKUP(B56,PANDA[#All],MATCH(CALCULATOR!$D$2,PANDA[#Headers],0),0)*C56","v":0},{"$f":"VLOOKUP(B56,SKYVIEW!$A$1:$G$209,MATCH(CALCULATOR!$E$2,SKYVIEW!$A$1:$G$1,0),0)*C56","v":0},{"$f":"VLOOKUP(B56,JK[#All],MATCH(CALCULATOR!$F$2,JK[#Headers],0),0)*C56","v":0},{"$f":"VLOOKUP(B56,LIBERTY[#All],MATCH(CALCULATOR!$G$2,LIBERTY[#Headers],0),0)*C56","v":0},{"$f":"VLOOKUP(B56,SJ!A:R,MATCH(CALCULATOR!$H$2,SJ[#Headers],0),0)*C56","v":0}]
[55,"ITEM CODE",null,{"$f":"VLOOKUP(B57,PANDA[#All],MATCH(CALCULATOR!$D$2,PANDA[#Headers],0),0)*C57","v":0},{"$f":"VLOOKUP(B57,SKYVIEW!$A$1:$G$209,MATCH(CALCULATOR!$E$2,SKYVIEW!$A$1:$G$1,0),0)*C57","v":0},{"$f":"VLOOKUP(B57,JK[#All],MATCH(CALCULATOR!$F$2,JK[#Headers],0),0)*C57","v":0},{"$f":"VLOOKUP(B57,LIBERTY[#All],MATCH(CALCULATOR!$G$2,LIBERTY[#Headers],0),0)*C57","v":0},{"$f":"VLOOKUP(B57,SJ!A:R,MATCH(CALCULATOR!$H$2,SJ[#Headers],0),0)*C57","v":0}]
[56,"ITEM CODE",null,{"$f":"VLOOKUP(B58,PANDA[#All],MATCH(CALCULATOR!$D$2,PANDA[#Headers],0),0)*C58","v":0},{"$f":"VLOOKUP(B58,SKYVIEW!$A$1:$G$209,MATCH(CALCULATOR!$E$2,SKYVIEW!$A$1:$G$1,0),0)*C58","v":0},{"$f":"VLOOKUP(B58,JK[#All],MATCH(CALCULATOR!$F$2,JK[#Headers],0),0)*C58","v":0},{"$f":"VLOOKUP(B58,LIBERTY[#All],MATCH(CALCULATOR!$G$2,LIBERTY[#Headers],0),0)*C58","v":0},{"$f":"VLOOKUP(B58,SJ!A:R,MATCH(CALCULATOR!$H$2,SJ[#Headers],0),0)*C58","v":0}]
[57,"ITEM CODE",null,{"$f":"VLOOKUP(B59,PANDA[#All],MATCH(CALCULATOR!$D$2,PANDA[#Headers],0),0)*C59","v":0},{"$f":"VLOOKUP(B59,SKYVIEW!$A$1:$G$209,MATCH(CALCULATOR!$E$2,SKYVIEW!$A$1:$G$1,0),0)*C59","v":0},{"$f":"VLOOKUP(B59,JK[#All],MATCH(CALCULATOR!$F$2,JK[#Headers],0),0)*C59","v":0},{"$f":"VLOOKUP(B59,LIBERTY[#All],MATCH(CALCULATOR!$G$2,LIBERTY[#Headers],0),0)*C59","v":0},{"$f":"VLOOKUP(B59,SJ!A:R,MATCH(CALCULATOR!$H$2,SJ[#Headers],0),0)*C59","v":0}]
[58,"ITEM CODE",null,{"$f":"VLOOKUP(B60,PANDA[#All],MATCH(CALCULATOR!$D$2,PANDA[#Headers],0),0)*C60","v":0},{"$f":"VLOOKUP(B60,SKYVIEW!$A$1:$G$209,MATCH(CALCULATOR!$E$2,SKYVIEW!$A$1:$G$1,0),0)*C60","v":0},{"$f":"VLOOKUP(B60,JK[#All],MATCH(CALCULATOR!$F$2,JK[#Headers],0),0)*C60","v":0},{"$f":"VLOOKUP(B60,LIBERTY[#All],MATCH(CALCULATOR!$G$2,LIBERTY[#Headers],0),0)*C60","v":0},{"$f":"VLOOKUP(B60,SJ!A:R,MATCH(CALCULATOR!$H$2,SJ[#Headers],0),0)*C60","v":0}]
[59,"ITEM CODE",null,{"$f":"VLOOKUP(B61,PANDA[#All],MATCH(CALCULATOR!$D$2,PANDA[#Headers],0),0)*C61","v":0},{"$f":"VLOOKUP(B61,SKYVIEW!$A$1:$G$209,MATCH(CALCULATOR!$E$2,SKYVIEW!$A$1:$G$1,0),0)*C61","v":0},{"$f":"VLOOKUP(B61,JK[#All],MATCH(CALCULATOR!$F$2,JK[#Headers],0),0)*C61","v":0},{"$f":"VLOOKUP(B61,LIBERTY[#All],MATCH(CALCULATOR!$G$2,LIBERTY[#Headers],0),0)*C61","v":0},{"$f":"VLOOKUP(B61,SJ!A:R,MATCH(CALCULATOR!$H$2,SJ[#Headers],0),0)*C61","v":0}]
[60,"ITEM CODE",null,{"$f":"VLOOKUP(B62,PANDA[#All],MATCH(CALCULATOR!$D$2,PANDA[#Headers],0),0)*C62","v":0},{"$f":"VLOOKUP(B62,SKYVIEW!$A$1:$G$209,MATCH(CALCULATOR!$E$2,SKYVIEW!$A$1:$G$1,0),0)*C62","v":0},{"$f":"VLOOKUP(B62,JK[#All],MATCH(CALCULATOR!$F$2,JK[#Headers],0),0)*C62","v":0},{"$f":"VLOOKUP(B62,LIBERTY[#All],MATCH(CALCULATOR!$G$2,LIBERTY[#Headers],0),0)*C62","v":0},{"$f":"VLOOKUP(B62,SJ!A:R,MATCH(CALCULATOR!$H$2,SJ[#Headers],0),0)*C62","v":0}]
[61,"ITEM CODE",null,{"$f":"VLOOKUP(B63,PANDA[#All],MATCH(CALCULATOR!$D$2,PANDA[#Headers],0),0)*C63","v":0},{"$f":"VLOOKUP(B63,SKYVIEW!$A$1:$G$209,MATCH(CALCULATOR!$E$2,SKYVIEW!$A$1:$G$1,0),0)*C63","v":0},{"$f":"VLOOKUP(B63,JK[#All],MATCH(CALCULATOR!$F$2,JK[#Headers],0),0)*C63","v":0},{"$f":"VLOOKUP(B63,LIBERTY[#All],MATCH(CALCULATOR!$G$2,LIBERTY[#Headers],0),0)*C63","v":0},{"$f":"VLOOKUP(B63,SJ!A:R,MATCH(CALCULATOR!$H$2,SJ[#Headers],0),0)*C63","v":0}]
["MSRP PRICE:",null,null,{"$f":"SUM(D3:D63)","v":115.17},{"$f":"SUM(E3:E63)","v":85},112.39524999999999,81.400000000000006,{"$f":"SUM(H3:H63)","v":90}]
["Accessories Total",null,{"$f":"SUM(C49:C63)","v":0},0,0,0,0,0]
["Assembly Fee",null,{"$f":"SUM(C3:C47)","v":1},{"$f":"$C66*MASTER.DATA!D36","v":10},{"$f":"$C66*MASTER.DATA!D37","v":10},{"$f":"$C66*MASTER.DATA!D38","v":15},{"$f":"$C66*MASTER.DATA!D39","v":15},{"$f":"$C66*MASTER.DATA!D40","v":10}]
["COMPANY PRICE:",null,null,{"$f":"(D64*MASTER.DATA!C36)+D66","v":90.619},{"$f":"(E64*MASTER.DATA!C37)+E66","v":95},{"$f":"(F64*MASTER.DATA!C38)+F66","v":119.52758249999999},{"$f":"(G64*MASTER.DATA!C39)+G66","v":96.4},{"$f":"(H64*MASTER.DATA!C40)+H66","v":100}]

{"sheet":"PANDA","index":1,"n_rows":225,"n_cols":10,"rows_kept":225,"cut":false,"hidden":false,"merged":[]}
["ITEM","\nKATHY CINNAMON","\nDOVE WHITE","\nWHITE SHAKER","\nSPRESSO SHAKE","\nGREY SHAKER",null,null,"CODE","DOOR STYLE "]
["B09",110.17,115.17,106.79,84.98,106.79,null,null,"C20","KATHY CINNAMON"]
["B12",122.61,128.18,118.75,95.8,118.75,null,null,"C3014","DOVE WHITE"]
["B15",142.99,151.66,140.44999999999999,109.51,140.44999999999999,null,null,"C7070","WHITE SHAKER"]
["B18",148.97,155.75,144.25,119.01,144.25,null,null,"C7089","SPRESSO SHAKE"]
["B21",161.04,168.36,155.94999999999999,129.63999999999999,155.94999999999999,null,null,"C7072","GREY SHAKER"]
["B24",172.08,179.95,166.59,139.33000000000001,166.59]
["B27",185,193.45,179.19,150.69,179.19]
["B30",212.66,222.35,205.95,175.04,205.95]
["B33",221.65,231.75,215.59,182.95,215.59]
["B36",231.01,241.55,223.69,191.2,223.69]
["BEA12L",149.19,155.99,144.44999999999999,119.19,144.44999999999999]
["BEA12R",149.19,155.99,144.44999999999999,119.19,144.44999999999999]
["BSR06",144.38,150.94999999999999,139.79,114.95,139.79]
["BSR09",148.38,155.94999999999999,145.29,119.95,145.29]
["DB12",183.51,191.85,177.69,149.38999999999999,177.69]
["DB15",200.09,209.19,193.75,163.99,193.75]
["DB18",212.75,222.45,205.95,175.12,205.95]
["DB21",239.7,250.6,232.09,198.84,232.09]
["DB24",255.59,267.2,274.08999999999997,212.82,274.08999999999997]
["DB27",302.5,316.25,292.85000000000002,254.1,292.85000000000002]
["DB30",323.13,337.85,312.79000000000002,272.25,312.79000000000002]
["SB24",143.34,149.88,312.79000000000002,114.05,138.88999999999999]
["SB27",155.38,162.44999999999999,150.49,124.63,150.49]
["SB30",162.25,169.65,157.09,130.68,157.09]
["SB33",165,172.5,159.75,143.1,159.75]
["SB36",167.75,175.39,174.49,155.52000000000001,174.49]
["BBC36","#N.A","#N.A",188.09,157.16]
["BBC39",197.7,206.69,191.39,161.88,191.39]
["BBC42",217.58,227.47,210.65,179.37,210.65]
["BBC45",237.26,248.05,229.69,196.69,229.69]
["BBC48",259.88,271.69,251.59,216.59,251.59]
["BDC36",215.88,225.69,208.99,177.87,208.99]
["LSB33",387.75,405.39,375.39,329.12,375.39]
["LSB36",423.5,442.75,409.75,348.48,409.75]
["W0930",68.75,71.88,66.55,54.45,66.55]
["W0936",77,80.5,74.59,61.71,"-"]
["W0939","#N.A","#N.A","#N.A","-",93.19]
["W0942",96.25,100.69,93.19,78.650000000000006,"-"]
["W1230",81.13,84.85,78.59,65.34,78.59]
["W1236",94.88,99.19,91.89,77.44,"-"]
["W1239","#N.A","#N.A","#N.A","-",107.89]
["W1242",111.38,116.45,107.85,91.96,"-"]
["W1530",88,92,85.19,71.39,85.19]
["W1536",103.11,107.8,99.85,84.69,"-"]
["W1539","#N.A","#N.A","#N.A","-",102.29]
["W1542",116.19,121.49,112.49,96.2,"-"]
["W1830",94.88,99.19,91.95,77.44,91.95]
["W1836",116.19,121.48,112.49,96.2,"-"]
["W1839","#N.A","#N.A","#N.A","-",120.59]
["W1842",124.44,130.1,120.49,103.49,"-"]
["W2130",107.24,112.15,103.89,88.32,103.89]
["W2136",126.49,132.25,122.49,105.26,"-"]
["W2139","#N.A","#N.A","#N.A","-",141.79]
["W2142",146.44,153.1,141.79,122.82,"-"]
["W2415",74.25,77.63,71.89,59.29,"-"]
["W2418",79.069999999999993,82.66,76.59,63.53,"-"]
["W2424",95.57,99.91,92.59,78.05,"-"]
["W2430",118.94,124.35,115.19,98.62,115.19]
["W2436",140.24,146.65,135.79,117.36,"-"]
["W2439","#N.A","#N.A","#N.A","-",162.38999999999999]
["W2442",167.74,175.39,165.39,141.56,"-"]
["W2730",126.49,132.25,122.49,105.26,122.49]
["W2736",153.99,160.99,149.09,129.46]
["W2739","#N.A","#N.A","#N.A","-",174.39]
["W2742",180.11,188.3,176.39,152.44999999999999,"-"]
["W3012",82.56,86.31,79.989999999999995,66.59,"-"]
["W3014","#N.A","#N.A","#N.A","-",85.19]
["W3015",88,92,86.19,71.39,"-"]
["W3018",92.82,97.04,89.89,75.63,"-"]
["W301824",119.49,124.99,115.49,101.63,115.49]
["W3021","#N.A","#N.A","#N.A","-",106.59]
["W302124","#N.A","#N.A","#N.A","-",120.99]
["W3024",121.32,129.29,119.19,95.15,"-"]
["W3026","#N.A","#N.A","#N.A","-",121.29]
["W3030",130.61000000000001,136.55000000000001,126.49,108.89,126.49]
["W3036",166.36,173.93,161.09,140.35,"-"]
["W3039","#N.A","#N.A","#N.A","-",163.38999999999999]
["W3042",185.61,194.05,175.49,157.28,175.49]
["W3312",85.25,89.13,82.59,70.989999999999995,82.59]
["W3315",110.39,114.93,101.09,95.99,101.09]
["W3318",120.99,126.49,117.19,103.99,117.19]
["W3324",125.94,131.43,120.99,106.71,"-"]
["W3330",141.61000000000001,148.05000000000001,137.09,118.57,137.09]
["W3336",171.86,179.68,166.39,145.19,"-"]
["W3339","#N.A","#N.A","#N.A","-",191.69]
["W3342",197.99,206.99,192.69,168.18,"-"]
["W3612",93.49,97.74,90.59,76.22,90.59]
["W361224",109.65,114.63,106.19,90.44,106.19]
["W3618",107.24,112.11,103.89,88.32,103.89]
["W361824",129.24,135.11000000000001,125.19,107.68,125.19]
["W3621","#N.A","#N.A","#N.A","-",118.49]
["W362124","#N.A","#N.A","#N.A","-",145.09]
["W3624",132.36000000000001,137.93,131.79,111.63,"-"]
["W362424",159.86000000000001,166.68,157.19,135.83000000000001,"-"]
["W3630",147.11000000000001,153.80000000000001,142.44999999999999,123.41,142.44999999999999]
["W3636",180.11,188.3,174.35,152.44999999999999,"-"]
["W3639","#N.A","#N.A","#N.A","-",206.39]
["W3642",213.11,222.8,206.29,181.19,"-"]
["WDC2430",144.36000000000001,150.93,139.79,120.98,139.79]
["WDC2436",177.36,185.43,171.69,150.03]
["WDC2439","#N.A","#N.A","#N.A","-",212.99]
["WDC2442",219.59,229.39,212.95,187.54,"-"]
["WAE1230",97.61,102.05,94.49,79.849999999999994,94.49]
["WAE1236",105.19,109.97,101.89,86.52,"-"]
["WAE1239","#N.A","#N.A","#N.A","-",128.49]
["WAE1242",132.69,138.72,129.49,110.72,"-"]
["WM2730",121.8,126.89,114.89,108.93,114.89]
["WM2736",128.68,134.07,125.19,114.43]
["WM2739","#N.A","#N.A","#N.A","-",136.99]
["WM2742",151.41999999999999,157.84,143.59,134.47,"-"]
["WRC3018",112.32,117.43,108.85,92.8,108.85]
["WRC3618",140.91999999999999,147.33000000000001,119.15,95.36,119.15]
["SGH3012",43.99,46.99,42.58,32.659999999999997,42.58]
["SGH3612",57.75,60.36,55.89,44.76,55.89]
["PC1584",310.74,324.86,300.79000000000002,259.99,300.79000000000002]
["PC1590",383.42,400.84,371.19,313.23,"-"]
["PC1593","#N.A","#N.A","#N.A","-",425.99]
["PC1596",439.99,459.99,425.91,362.99,"-"]
["PC1884",334.11,349.3,323.49,269.82,323.49]
["PC1890",395.99,413.99,383.39,324.49]
["PC1893","#N.A","#N.A","#N.A","-",427.09]
["PC1896",439.99,459.99,426.99,373.99,"-"]
["PC2484",416.61,435.55,403.29,342.42,403.29]
["PC2490",464.11,474.3,456.59,366.62,"-"]
["PC2493","#N.A","#N.A","#N.A","#N.A",479.19]
["PC2496",494.99,517.49,479.49,411.39,"#N.A"]
["PC3084",543.11,567.79999999999995,525.79,453.74,525.79]
["PC3090",591.24,618.11,572.39,496.06,"#N.A"]
["PC3093","#N.A","#N.A","#N.A","#N.A",572.39]
["PC3096",653.11,682.8,632.29,550.54,"#N.A"]
["DOC3084",512.49,531.24,479.49,438.79,479.49]
["DOC3090",591.24,618.11,572.39,550.89,"#N.A"]
["DOC3093","#N.A","#N.A","#N.A","#N.A",572.39]
["DOC3096",653.11,682.8,632.29,590.54,"#N.A"]
["GDW1230",60,60,60,60,60]
["GDW1236",60,60,60,60,60]
["GDW1239","#N.A","#N.A","#N.A","#N.A",60]
["GDW1242",60,60,60,60,"#N.A"]
["GDW1530",60,60,60,60,60]
["GDW1536",60,60,60,60,60]
["GDW1539","#N.A","#N.A","#N.A","#N.A",60]
["GDW1542",60,60,60,60,60]
["GDW1830",60,60,60,60,60]
["GDW1836",60,60,60,60,60]
["GDW1839","#N.A","#N.A","#N.A","#N.A",60]
["GDW1842",60,60,60,60,"#N.A"]
["GDWDC2430",60,60,60,60,60]
["GDWDC2436",60,60,60,60,60]
["GDWDC2439","#N.A","#N.A","#N.A","#N.A",60]
["GDWDC2442",60,60,60,60,"#N.A"]
["WDD1230",36.29,37.99,32.99,29.49,32.99]
["WDD1236",42.39,44.29,37.29,37.29,"#N.A"]
["WDD1239","#N.A","#N.A","#N.A","#N.A",46.59]
["WDD1242",52.99,55.39,46.59,42.59,"#N.A"]
["BDD2430",61.99,64.89,54.59,47.99,54.59]
["PNL1296",46.19,48.29,40.99,33.99,40.99]
["PNL2435",45.39,47.49,41.99,39.99,41.99]
["REP2496",63.59,66.39,55.99,49.29,55.99]
["PNL3596",105.89,110.69,93.19,86.59,93.19]
["PNL4896",125.59,131.29,110.49,103.89,110.49]
["RWFC330",25.39,26.49,"#N.A","#N.A","#N.A"]
["RWFC336",28.79,30.09,"#N.A","#N.A","#N.A"]
["RWFC342",30.29,31.69,"#N.A","#N.A","#N.A"]
["RWFC396",40.89,42.69,"#N.A","#N.A","#N.A"]
["CCM8",58.99,61.69,"#N.A","#N.A","#N.A"]
["OGM8",51.98,54.34,"#N.A","#N.A","#N.A"]
["ACM8","#N.A","#N.A",51.99,45.29,51.99]
["CTM8","#N.A","#N.A",29.29,22.69,29.29]
["QR8",19.09,19.989999999999998,"#N.A",13.99,"#N.A"]
["SM8",18.190000000000001,18.989999999999998,15.99,12.99,15.99]
["BF3",19.649999999999999,20.59,18.29,15.75,18.29]
["BF6",30.29,31.69,26.69,23.99,26.69]
["TF396",33.29,34.79,29.49,25.69,29.49]
["WF330",22.69,23.59,18.29,14.99,18.29]
["WF336",23.99,24.95,21.95,19.09,"#N.A"]
["WF339","#N.A","#N.A","#N.A","#N.A",22.69]
["WF342",25.69,26.89,22.79,18.989999999999998,"#N.A"]
["WF630",30.29,31.69,26.65,21.99,26.65]
["WF636",31.75,33.29,28.49,23.29,"#N.A"]
["WF639","#N.A","#N.A","#N.A","#N.A",27.95]
["WF642",32.69,37.950000000000003,30.79,27.95,"#N.A"]
["TK8",21.95,22.99,19.39,15.69,19.39]
["ROT15",38.75,38.75,38.75,38.75,38.75]
["ROT18",45.98,45.98,45.98,45.98,45.98]
["ROT21",49.69,49.69,49.69,49.69,49.69]
["ROT24",56.87,56.87,56.87,56.87,56.87]
["ROT27",60.59,60.59,60.59,60.59,60.59]
["ROT30",65.39,65.39,65.39,65.39,65.39]
["ROT33",70.19,70.19,70.19,70.19,70.19]
["ROT36",75.09,75.09,75.09,75.09,75.09]
["VBD12",164.99,172.49,159.79,151.99,159.79]
["VBD15",178.74,186.86,173.02,163.29,173.02]
["VBD18",192.49,201.24,185.69,179.71,185.69]
["VDD48",425.49,477.54,401.96,"#N.A","#N.A"]
["VSB24",130.61000000000001,136.55000000000001,126.49,119.79,126.49]
["VSB30",137.49,143.74,134.69,129.49,134.69]
["VSB24-1D",144.36000000000001,150.93,139.75,136.75,"#N.A"]
["VSD30L",178.07,181.88,173.09,171.39,173.09]
["VSD30R",178.07,181.88,173.09,171.39,173.09]
["VSD36L",219.99,229.99,212.95,190.59,212.95]
["VSD36R",219.99,229.99,212.95,190.59,212.95]
["VSD42L",233.74,244.36,226.29,215.69,226.29]
["VSD42R",233.74,244.36,226.29,215.69,226.29]
["WOS0630",69.290000000000006,70.95,65.89,62.59,65.89]
["WOS0636",70.69,72.19,68.790000000000006,63.25,"#N.A"]
["WOS0639","#N.A","#N.A","#N.A","#N.A",72.08]
["WOS0642",75.59,79.88,74.25,69.59,"#N.A"]
["WOS1230",78.69,81.290000000000006,76.489999999999995,69.75,76.489999999999995]
["WOS1236",85.19,87.95,83.19,72.59,"#N.A"]
["WOS1239","#N.A","#N.A","#N.A","#N.A",83.19]
["WOS1242",88.96,92.85,85.25,77.59,"#N.A"]
["VAL30",34.090000000000003,"#N.A","#N.A","#N.A","#N.A"]
["VAL36",42.35,46.69,38.590000000000003,35.29,"#N.A"]
["VAL42",51.25,53.89,48.49,43.95,48.49]
["VAL48",58.35,63.75,53.95,49.59,53.95]
["VAL54","#N.A","#N.A",59.69,"#N.A","#N.A"]
["VAL60",75.69,77.19,69.290000000000006,"#N.A",69.290000000000006]
["IVI8",30.24,31.61,"#N.A","#N.A","#N.A"]
["COR-M",63.24,66.11,"#N.A","#N.A","#N.A"]
["COR-L",83.31,87.1,"#N.A","#N.A","#N.A"]
["TRASH CAN",175,175,175,175,175]
["ITEM CODE",0,0,0,0,0]
["ACCESSORIES",0,0,0,0,0]
["DELIVERY",0,0,0,0,0]

{"sheet":"SKYVIEW","index":2,"n_rows":207,"n_cols":7,"rows_kept":207,"cut":false,"hidden":false,"merged":[]}
["ITEM","WHITE SHAKER","IVORY GLAZED","DARK CHERRY","ANTIQUE WHITE","ACRYLIC WHITE","REVERE CHERRY"]
["B09",85,87,91,91,87,88]
["B12",97,99,103,103,99,99]
["B15",103,107,112,112,109,108]
["B18",116,119,123,123,116,119]
["B24",133,143,152,152,145,141]
["B21",128,131,134,134,130,130]
["B27",143,145,162,162,154,149]
["B30",155,155,177,177,166,164]
["B33",183,185,206,206,176,188]
["B36",194,196,216,216,186,200]
["DB12",145,146,156,156,172,147]
["DB15",157,158,169,169,185,160]
["DB18",169,172,182,182,196,172]
["DB21",182,184,193,193,204,184]
["DB24",194,197,205,205,212,197]
["DB30",218,224,232,232,234,227]
["SB24",109,116,119,119,99,107]
["SB27",116,119,125,125,109,117]
["SB30",121,123,132,132,113,124]
["SB33",130,132,142,142,123,134]
["SB36",142,144,150,150,132,143]
["BBC36",152,157,164,164,138,157]
["BBC39/42",164,182,188,188,145,182]
["LSB33",212,218,237,237,233,224]
["LSB36",219,237,256,256,244,243]
["CSB36",168,166,184,184,187,169]
["BSR09",107,116,112,112,121,109]
["BEC12",111,119,130,130,null,128]
["BEC2424",111,119,130,130,null,128]
["V2421",121,null,null,0]
["V3021DR",194,196,202,202,null,194]
["V3021DL",194,196,202,202,null,194]
["V3621DR",218,221,224,224,null,217]
["V3621DL",218,221,224,224,null,217]
["W0930",47,50,50,50,43,50]
["W1230",48,55,58,58,52,58]
["W1530",57,62,67,67,59,63]
["W1830",67,68,74,74,73,70]
["W2130",75,79,91,91,77,85]
["W2430",85,91,100,100,89,94]
["W2730",92,98,109,109,97,99]
["W3030",99,107,121,121,106,109]
["W3330",106,113,132,132,116,116]
["W3630",111,121,138,138,122,122]
["W0936",55,55,61,61,null,56]
["W1236",61,63,73,73,null,67]
["W1536",70,75,81,81,null,73]
["W1836",80,83,91,91,null,83]
["W2136",91,96,103,103,null,94]
["W2436",105,107,118,118,null,106]
["W2736",111,116,125,125,null,116]
["W3036",128,131,145,145,null,132]
["W3336",140,144,156,156,null,141]
["W3636",152,153,167,167,null,152]
["W0939",58,61,64,64,55,58]
["W1239",70,73,75,75,65,70]
["W1539",74,75,84,84,77,79]
["W1839",84,87,94,94,88,87]
["W2139",99,108,107,107,99,111]
["W2439",109,116,121,121,116,119]
["W2739",116,122,131,131,125,122]
["W3039",128,136,150,150,135,140]
["W3339",135,143,161,161,145,146]
["W3639",143,152,172,172,156,155]
["W2412",47,48,56,56,43,52]
["W2415",50,53,62,62,52,56]
["W2418",57,59,62,62,55,62]
["W2421",67,70,80,80,62,67]
["W2424",73,75,86,86,73,74]
["W3012",57,58,67,67,52,59]
["W3015",62,63,74,74,57,64]
["W3018",68,69,83,83,64,72]
["W3021",74,76,92,92,73,79]
["W3024",79,83,98,98,79,85]
["W3312",59,61,73,73,56,62]
["W3315",67,67,83,83,63,68]
["W3318",70,74,88,88,74,75]
["W3321",79,85,97,97,77,81]
["W3324",84,97,105,105,91,88]
["W3612",64,67,76,76,59,65]
["W3615",69,73,83,83,67,72]
["W3618",74,83,88,88,76,79]
["W3621",83,86,105,105,83,87]
["W3624",88,91,110,110,99,95]
["W301224",79,79,83,83,95,79]
["W301524",80,83,95,95,90,83]
["W301824",91,91,97,97,97,91]
["W302124",97,103,119,119,105,100]
["W302424",107,109,138,138,124,121]
["W331524",90,null,107,107]
["W331824",95,null,112,112,102]
["W332124",97,109,125,125,113,109]
["W332424",111,null,null,0,124]
["W361224",81,85,99,99,91,96]
["W361524",97,96,107,107,99,103]
["W361824",103,107,110,110,105,107]
["W362124",118,119,134,134,116,121]
["W362424",124,129,145,145,132,132]
["GD1230",31,null,null,0]
["GD1236",31,null,null,0]
["GD1239",31,null,null,0]
["GD1530",31,31,31,31,null,31]
["GD1536",31,null,null,0]
["GD1539",31,31,31,31,null,31]
["GD1830",31,31,31,31,null,31]
["GD1836",31,null,null,0]
["GD1839",31,31,31,31,null,31]
["GD2130",31,31,31,31,null,31]
["GD2139",31,31,31,31,null,31]
["GD2430",61,61,61,61,null,61]
["GD2439",61,61,61,61,null,61]
["GD2730",61,61,61,61,null,61]
["GD2739",61,61,61,61,null,61]
["GD3030",61,61,61,61,null,61]
["GD3039",61,61,61,61,null,61]
["BER33",169,188,200,200,null,194]
["BER36",177,206,226,226,null,213]
["3VDB15",140,156,164,164,null,156]
["3VDB18",152,168,176,176,null,168]
["AW1230",61,67,67,67,null,64]
["AW1236",70,76,77,77,null,73]
["AW1239",77,84,85,85,null,83]
["WBC2730",87,94,103,103,112,99]
["WBC2736",97,103,111,111,null,103]
["WBC2739",109,116,122,122,119,116]
["MWC2730",87,100,131,131,null,103]
["MWC2736",152,152,164,164,null,158]
["MWC2739",161,161,169,169,null,168]
["MWC3030",133,133,143,143,null,141]
["MWC3036",140,140,155,155,null,146]
["MWC3039",155,155,164,164,null,164]
["WES0639",48,55,48,48,53,48]
["WES0930",48,55,48,48,null,48]
["WES0936",52,58,52,52,null,52]
["WES0939",52,58,52,52,70,52]
["WDC2430",133,133,143,143,113,140]
["WDC2436",149,149,166,166,null,153]
["WDC2439",167,167,179,179,140,172]
["PC1893",273,273,307,307,264,278]
["PC2493",339,339,362,362,319,345]
["PC1890",266,266,290,290,null,273]
["PC2490",321,333,351,351,null,339]
["PC1884",261,261,287,287,242,266]
["PC2484",327,327,339,339,286,333]
["WDC2430GD",194,194,200,200,39,196]
["WDC2436GD",209,209,216,216,null,212]
["WDC2439GD",228,228,230,230,55,230]
["WDC2736",161,null,null,0]
["WDC2739",179,null,null,0]
["WDC2736GD",221,null,null,0]
["WDC2739GD",240,null,null,0]
["BF3",9,9,9,9,17,9]
["BF6",17,17,17,17,20,17]
["BFF3",12,12,12,12]
["WF330",8,8,8,8,13,8]
["WF336",9,9,9,9,null,9]
["WF339",10,10,10,10,18,10]
["WF396",22,28,29,29,null,29]
["WF630",14,14,14,14,null,14]
["WF636",15,15,15,15,null,15]
["WF639",19,19,17,17,20,17]
["WF696",35,35,37,37,null,37]
["WFF396",31,31,31,31,null,31]
["SM8",7,7,7,7,23,7]
["TK8",7,7,7,7,22,7]
["REP2496",64,64,64,64,null,64]
["FD1230",34,40,34,34,null,34]
["FD1530",48,48,48,48,null,48]
["FD1830",51,51,51,51,null,51]
["FD1236",37,44,37,37,null,37]
["FD1239",43,48,43,43,null,43]
["FD2430",67,73,67,67,null,67]
["SHG30",36,28,36,36,null,36]
["SP",67,67,null,0,null,67]
["CORBEL",92,null,null,0,null,0]
["VA36",24,22,28,28,null,26]
["VA48",28,24,31,31,null,31]
["VA60",32,28,34,34,null,34]
["VA72",35,33,37,37,null,37]
["ROT18",34,34,34,34,null,34]
["ROT21",36,36,36,36,null,36]
["ROT24",39,39,39,39,null,39]
["ROT27",41,41,41,41,null,41]
["ROT30",44,44,44,44,null,44]
["ROT33",46,46,46,46,null,46]
["ROT36",48,48,48,48,null,48]
["BWB18",178,null,178,178]
["WASTEBIN",43,null,null,0]
["WR3015",69,73,83,83,null,75]
["WR3018",84,87,99,99,null,91]
["BSMS",48,55,58,58,null,55]
["FLOWER",34,34,null,0,null,0]
["F3",10,10,null,0,null,10]
["REP2796",73,66,null,0,109,73]
["PN4896",61,55,61,61,109,61]
["S2496 ",73,73,73,73,null,73]
["DWP",26,28,28,28,34,28]
["LRM",35,36,36,36,null,36]
["CM 2\" 3/4\"",24,28,28,28,null,28]
["CM4",43,43,46,46,null,43]
["TCM",46,48,null,0,null,48]
["OCM8",10,15,15,15,29,15]
["COV",36,36,null,0,null,36]
["ITEM CODE",0,0,0,0,0,0]
["ACCESSORIES",0,0,0,0,0,0]
["DELIVERY",0,0,0,0,0,0]

{"sheet":"JK3","index":3,"n_rows":440,"n_cols":9,"rows_kept":440,"cut":false,"hidden":false,"merged":[]}
["ITEM","CO66/J5/K10/K3/K8/M01","A7/S1/S5/S8","H8/H9","E1",null,null,"CODE","DOOR STYLE "]
["B09",112.39524999999999,118.03715,123.93205,87.322950000000006,null,null,"S8","WHITE"]
["B12",130.86425,137.40430000000001,144.27324999999999,100.68134999999999,null,null,"S5","CASTLE GREY"]
["B15",149.97840000000002,157.46720000000002,165.3355,115.22885000000001,null,null,"S2","ALMOND"]
["B18",161.83144999999999,169.92745000000002,178.42825000000002,123.72965000000001,null,null,"S1","JAVA COFFEE"]
["B21",180.2878,189.30724999999998,198.76945000000001,138.27715000000001,null,null,"A7","CRÈME GLAZED"]
["B24",198.76945000000001,208.71235000000001,219.14860000000002,152.8373,null,null,"CO66","CINNAMON GLAZED"]
["B27",229.66075000000004,241.1343,253.18975,174.65854999999999,null,null,"K10","MOCHA GLAZED"]
["B30",274.28995000000003,288.00254999999999,302.41089999999997,211.05260000000001,null,null,"J5","MAHPOGANY"]
["B33",286.99054999999998,301.31034999999997,316.37649999999996,220.75514999999999,null,null,"M01","CHOCOLATE GLAZED"]
["B36",299.02070000000003,313.97299999999996,329.68430000000001,230.45770000000002,null,null,"H9","PEARL GLAZED"]
["B42",320.37389999999999,336.38880000000006,353.20065,246.21959999999999,null,null,"H8","HAZEL"]
["DB12-3",206.00525000000002,216.30235000000002,227.13075000000001,154.05169999999998,null,null,"H3","CHESTNUT"]
["DB15",215.39155000000002,226.14404999999999,237.4658,161.30015,null,null,"K3","GREIGE"]
["DB18",224.76520000000002,236.02370000000002,247.81350000000003,168.5992,null,null,"K8","ESPRESSO"]
["DB21",241.57704999999999,253.67045000000002,266.3331,180.71790000000001,null,null,"E1","DOVE"]
["DB24-3",258.36360000000002,271.25394999999997,284.82740000000001,192.84924999999998,null,null,"E2","CHARCOAL"]
["DB30-3",328.81145000000004,345.25644999999997,362.52369999999996,242.57639999999998]
["DB36-3",354.03555,371.74554999999998,390.32840000000004,261.98149999999998]
["DB24-2",236.42850000000001,253.9614,265.63735000000003,177.1]
["DB30-2",303.28375,325.76279999999997,340.72775000000001,228.02889999999999]
["DB36-2",328.09040000000005,352.39105000000001,368.59570000000002,246.21959999999999]
["MDB24",177.8843,190.21805000000001,190.32499999999999,100.68134999999999]
["MDB30",261.84235000000001,279.98245000000003,280.17449999999997,147.99234999999999]
["LS3309",377.67840000000001,377.67840000000001,"#N.A",270.48229999999995]
["LS3612",401.85255000000006,421.92810000000003,443.02830000000006,302.0061]
["CBD36",384.93950000000001,404.19279999999992,424.39485000000002,289.88740000000001]
["CSB36",355.71799999999996,373.50389999999999,392.17529999999994,268.04084999999998]
["BBC39L","#N.A",197.70685,"#N.A",197.70685]
["BBC39R","#N.A",197.70685,"#N.A",197.70685]
["BBC42L/R",285.25749999999999,299.53934999999996,314.51694999999995,217.11194999999998]
["SB24",190.64815000000002,206.8022,212.05194999999998,143.13475]
["SB27",213.68379999999999,224.36040000000003,235.59360000000001,161.30015]
["SB30",223.14600000000002,234.30330000000001,246.01719999999997,167.38479999999998]
["SB33",237.87059999999997,249.76160000000002,262.25979999999998,179.51614999999998]
["SB36",247.24424999999999,259.61595,272.59485000000001,186.78990000000002]
["SB42",268.06614999999999,281.47514999999999,295.55459999999999,201.35004999999998]
["FSB30",266.24455,284.67559999999997,284.86649999999997,150.39585000000002]
["FSB33",280.74144999999999,300.17185000000001,300.35699999999997,157.68225000000001]
["FSB36",289.36875000000003,309.41899999999998,309.61450000000002,162.53985000000003]
["SP09",117.75885000000001,123.64110000000001,129.82694999999998,88.537350000000004]
["BWRC6",80.770250000000004,84.805600000000013,89.04334999999999,60.656750000000002]
["BWBK18-2",167.08120000000002,175.45549999999997,184.22194999999999,131.0034]
["TRASH CAN",18.98,18.98,18.98,18.98]
["BEC24",268.02819999999997,281.42455000000001,295.50400000000002,201.35004999999998]
["BDEC12L",295.13715000000002,314.83320000000003,322.17020000000002,158.88399999999999]
["BDEC12R",295.13715000000002,314.83320000000003,322.17020000000002,158.88399999999999]
["BES09L/R",153.86195000000001,161.55314999999999,169.62385,116.43060000000001]
["W2412",75.216899999999995,80.036550000000005,83.654449999999983,57.026199999999996]
["W3012",98.1387,103.05955,108.2081,73.989850000000004]
["W3312",115.35535,121.09845,127.15779999999999,87.322950000000006]
["W3612",118.34074999999999,124.24829999999999,130.47210000000001,89.764399999999995]
["W2415",88.625900000000001,94.242499999999993,98.543500000000009,66.716100000000012]
["W3015",104.80525,110.05499999999999,115.55774999999998,78.834800000000001]
["W3315",123.86880000000001,130.05465000000001,136.5694,93.382299999999987]
["W3615",132.1925,138.80845000000002,145.7533,99.479600000000005]
["W2418",101.97165,108.4864,113.45784999999999,77.633049999999997]
["W3018",119.63104999999999,125.62715,131.91419999999999,89.764399999999995]
["W3318",132.33165,138.92230000000001,145.86715000000001,99.479600000000005]
["W3618",138.13800000000001,145.03225,152.29335,104.32455]
["W2421",115.38064999999999,122.7303,128.35954999999998,87.322950000000006]
["W3021",125.55125000000001,131.85095000000001,138.44159999999999,94.622]
["W3321",140.85774999999998,147.86584999999999,155.26609999999999,106.74069999999999]
["W3621",155.97449999999998,163.79219999999998,171.98939999999999,117.64500000000001]
["W2424",128.7517,136.91095000000001,143.24860000000001,97.038149999999987]
["W3024",139.8331,146.8159,154.15290000000002,105.53895]
["W3324",149.32060000000001,156.7841,164.62709999999998,112.78740000000001]
["W3624",173.86159999999998,182.5395,191.67280000000002,131.0034]
["W0930",73.344699999999989,77.013199999999998,80.858800000000002,55.811799999999998]
["W1230",89.296350000000004,93.74915,98.442300000000003,67.917850000000001]
["W1530",107.94244999999999,113.35665,119.01119999999999,81.276250000000005]
["W1830",114.8873,120.61775,126.65180000000001,87.322950000000006]
["W2130",136.21520000000001,143.02090000000001,150.16815,103.0975]
["W2430",141.83180000000002,148.94110000000001,156.37930000000003,106.74069999999999]
["W2730",160.36404999999999,168.39680000000001,176.82169999999999,121.28819999999999]
["W3030",178.83304999999999,187.75129999999999,197.13759999999999,134.63395000000003]
["W3330",188.34584999999998,197.75745000000001,207.64975000000001,141.89505]
["W3630",197.35264999999998,207.24495000000002,217.59264999999999,149.19409999999999]
["W0936",86.690449999999998,91.029399999999995,95.583400000000012,65.514349999999993]
["W1236",102.60414999999999,107.75270000000002,113.1416,77.633049999999997]
["W1536",121.2629,127.32225000000001,133.69784999999999,92.180550000000011]
["W1836",128.23305000000002,134.63395000000003,141.36375000000001,97.038149999999987]
["W2136",149.53565,157.01179999999999,164.85479999999998,112.78740000000001]
["W2436",155.1902,162.96995000000001,171.10389999999998,116.43060000000001]
["W2736",173.69715000000002,182.3877,191.4957,131.0034]
["W3036",201.21089999999998,211.26765,221.83040000000003,151.61025000000001]
["W3336",211.92545000000001,222.51349999999999,233.6455,160.0984]
["W3636",222.03280000000001,233.1395,244.79015000000001,167.38479999999998]
["W0942",98.518199999999993,103.4517,108.6382,75.216899999999995]
["W1242",114.4572,120.18765,126.19640000000001,86.121200000000002]
["W1542",131.59795,138.18859999999998,145.09550000000002,99.479600000000005]
["W1842",140.04814999999999,147.0436,154.39324999999999,105.53895]
["W2142",161.3887,169.45940000000002,177.92225000000002,121.28819999999999]
["W2442",167.01794999999998,175.36694999999997,184.12075000000002,126.14579999999999]
["W2742",185.51225000000002,194.77205000000001,204.51254999999998,139.49154999999999]
["W3042",223.5761,234.74605,246.4726,168.5992]
["W3342",230.04024999999999,244.67629999999997,255.90950000000001,172.2424]
["W3642",235.53035,247.32014999999998,259.67919999999998,177.1]
["WM1230H",110.08030000000001,117.08840000000001,122.46465000000001,82.490649999999988]
["WM1530H",121.30085000000001,127.37284999999999,133.73579999999998,92.180550000000011]
["WM1830H",134.48215000000002,141.19929999999999,148.27064999999999,101.8831]
["WM1236H",118.75819999999999,127.53729999999999,133.40689999999998,89.764399999999995]
["WM1536H",133.11595,139.75720000000001,146.74,100.68134999999999]
["WM1836H",148.43510000000001,155.86064999999999,163.65305000000001,111.58565]
["WM2430H",156.16425000000001,163.95665000000002,172.15385000000001,117.64500000000001]
["WM2730H",258.50274999999999,273.20204999999999,282.31004999999999,"#N.A"]
["WM3030H",186.85315,196.18885,205.99260000000001,140.69329999999999]
["WM3630H",208.13045,221.38764999999998,231.54559999999998,156.46785]
["WM2436H",168.4221,176.85965000000002,185.68934999999999,127.34755]
["WM2736H",270.35579999999999,285.78879999999998,295.4787,"#N.A"]
["WM3036H",208.71235000000001,219.16125,230.11614999999998,157.68225000000001]
["WM3636H",230.23,244.73954999999998,255.9348,172.2424]
["WM1242H",127.36020000000001,136.82239999999999,143.13475,95.82374999999999]
["WM1542H",138.90965,145.86715000000001,153.15354999999997,104.32455]
["WM1842H",162.3501,170.44610000000003,178.95955000000001,122.5026]
["WM2442H",177.90959999999998,189.59819999999999,196.15089999999998,133.41955000000002]
["WM2742H",282.18354999999997,298.40084999999993,308.62205,"#N.A"]
["WM3042H",222.6147,233.7467,245.43530000000001,167.38479999999998]
["WM3642H",249.31885000000003,265.20725000000004,277.31330000000003,186.78990000000002]
["W301227",154.87395000000004,164.72830000000002,172.33095,116.43060000000001]
["W331227",163.32415,171.48339999999999,180.06010000000001,123.72965000000001]
["W361227",189.20605,198.66825,208.61115000000001,143.13475]
["W301527",161.57845,171.85024999999999,179.76915000000002,121.28819999999999]
["W331527",171.69844999999998,180.27514999999997,189.28194999999999,129.78899999999999]
["W361527",203.41200000000001,213.56995000000001,224.25919999999999,152.8373]
["W301827",176.41690000000003,187.65009999999998,196.2774,133.41955000000002]
["W331827",180.16129999999998,189.15545,198.61765,135.8357]
["W361827",217.60530000000003,228.47165000000001,239.8946,163.74160000000001]
["W302127",191.31860000000003,203.44995000000003,212.79829999999998,144.3365]
["W332127",207.21965000000003,217.55469999999997,228.43370000000002,156.46785]
["W362127",223.53815,234.70809999999997,246.43465,168.5992]
["W302427",206.15705,221.4256,231.60885000000002,155.25345000000002]
["W332427",217.58,228.44635000000002,239.86930000000001,163.74160000000001]
["W362427",229.45834999999997,240.93190000000001,252.97469999999998,172.2424]
["WDC2430",181.07210000000001,190.14214999999999,199.65495000000001,135.8357]
["WDC2436",203.74090000000001,213.93680000000001,224.62604999999999,152.8373]
["WDC273615",243.27215000000001,255.44145,268.23059999999998,183.14670000000001]
["WDC2442",226.42235000000002,237.73145,249.60980000000001,169.80094999999997]
["WDC274215",264.54944999999998,277.78135000000003,291.68370000000004,198.92125000000001]
["WMDC2430H",176.48015000000001,185.30984999999998,194.56965,133.41955000000002]
["WMDC2436H",199.11099999999999,209.06655000000001,219.52809999999999,150.39585000000002]
["WMDC273615H",238.62959999999998,250.57120000000003,263.10735,179.51614999999998]
["WMDC2442H",221.72920000000002,232.79795000000001,244.43594999999999,167.38479999999998]
["WMDC274215H",259.97014999999999,272.97434999999996,286.62369999999999,195.2654]
["WEC1230",103.52760000000001,103.6278386,114.14095,77.633049999999997]
["WEC1236",116.7848,122.62909999999999,128.76435000000001,88.537350000000004]
["WEC1242",128.63785000000001,135.07670000000002,141.83180000000002,97.038149999999987]
["WDEC1230",98.695299999999989,106.01965000000001,110.91749999999999,"#N.A"]
["WDEC1236",112.0284,120.35210000000001,125.87899999999998,"#N.A"]
["WDEC1242",110.52305000000001,133.11595,139.196,"#N.A"]
["WES0930L/R",84.3249,88.537350000000004,92.952200000000019,63.072899999999997]
["WES0936L/R",93.685900000000004,98.353750000000005,103.27459999999999,70.35929999999999]
["WES0942",105.501,110.77604999999998,116.31675,80.074499999999986]
["WBL2430",186.97964999999999,198.83270000000002,208.00395,140.69329999999999]
["WBL2730",193.25405000000001,205.5119,214.98674999999997,145.55090000000001]
["WBL3030",205.79020000000003,218.87030000000001,228.93969999999999,155.25345000000002]
["WBL2436",195.35395,207.7636,217.30170000000001,146.75265000000002]
["WBL2736",201.62834999999998,214.43015,224.27185,151.61025000000001]
["WBL3036",214.18979999999999,227.77590000000001,238.22479999999999,161.30015]
["WBL2442",203.72825000000003,216.66919999999999,226.59944999999999,152.8373]
["WBL2742",224.04415,238.2501,249.20500000000001,168.5992]
["WBL3042",226.11875000000001,242.91794999999999,254.07524999999998,169.80094999999997]
["WP158427",547.97270000000003,582.94994999999994,610.10950000000003,411.16294999999997]
["WP188427",556.84035000000006,580.71090000000004,619.43254999999999,417.22230000000002]
["WP159027",559.80044999999996,595.5367,623.26549999999997,419.66374999999999]
["WP189027",568.66810000000009,593.04464999999993,632.58854999999994,426.92484999999999]
["WP159627",571.65350000000001,608.12345000000005,636.45944999999995,429.36629999999997]
["WP189627",580.53380000000004,605.40369999999996,645.76985000000002,435.42565000000002]
["WP248427",578.21884999999997,603.00020000000006,643.21455000000014,434.21125000000001]
["WP308427",593.60125000000005,619.02775000000008,660.29205000000002,445.12819999999999]
["WP249027",590.04660000000001,615.33395000000007,656.35790000000009,442.68674999999996]
["WP309027",608.46500000000003,634.54930000000002,676.82559999999989,456.03249999999997]
["WP249627",601.87434999999994,627.66769999999997,669.51390000000004,451.17490000000004]
["WP309627",623.26549999999997,649.98230000000012,693.29589999999996,468.17650000000003]
["OC308427",508.024,540.15499999999997,564.77189999999996,380.85354999999998]
["OC338427",576.75144999999998,613.25935000000004,641.22849999999994,431.76979999999998]
["OC309027",513.08400000000006,545.59450000000004,570.38850000000002,385.69849999999997]
["OC339027",581.43195000000003,618.26874999999995,646.42764999999997,436.62740000000002]
["OC309627",517.30910000000006,550.03465000000006,575.05634999999995,388.11465000000004]
["OC339627",586.12509999999997,623.26549999999997,651.6520999999999,439.06884999999994]
["OC308427WO",481.42104999999998,511.93285000000003,535.32270000000005,361.44845000000004]
["OC338427WO",550.08524999999997,584.97395000000006,611.71605,412.37735000000004]
["OC309027WO",493.24880000000002,524.5449000000001,548.4787,369.92395000000005]
["OC339027WO",561.97624999999994,597.63660000000004,624.98590000000002,422.07990000000007]
["OC309627WO",505.12715000000003,537.13165000000004,561.68529999999998,378.41210000000001]
["OC339627WO",573.8546,610.24865,638.17984999999999,430.56805000000003]
["AG2418",178.07405000000003,186.97964999999999,196.32799999999997,"#N.A"]
["AG2718",187.34649999999999,196.70750000000001,206.54919999999998,"#N.A"]
["WWRC6",79.973299999999995,83.970699999999994,88.170500000000018,60.656750000000002]
["30WR",100.22595,105.23535,110.49775,75.216899999999995]
["36WR",121.55385000000001,127.63850000000001,134.01409999999998,92.180550000000011]
["30GR",37.785550000000008,39.683050000000001,41.6691,29.1203]
["36GR",59.113449999999993,62.060900000000004,65.160150000000002,44.869549999999997]
["WCD3018",119.63104999999999,125.62715,131.91419999999999,89.764399999999995]
["WCD3618",138.13800000000001,145.03225,152.29335,104.32455]
["FD24",86.323599999999999,90.649900000000002,95.178599999999989,67.917850000000001]
["FD27",96.721899999999991,102.81920000000001,107.4238,72.775450000000006]
["FD30",104.53960000000001,109.77670000000001,115.25415,81.276250000000005]
["FD36",129.46010000000001,139.06145000000001,145.43705,97.038149999999987]
["RD12",45.194999999999993,45.194999999999993,45.194999999999993,45.194999999999993]
["RD15",51.612000000000002,51.612000000000002,51.612000000000002,51.612000000000002]
["RD18",56.786999999999999,56.786999999999999,56.786999999999999,56.786999999999999]
["RD21",61.950499999999991,61.950499999999991,61.950499999999991,61.950499999999991]
["RD24",67.090999999999994,67.090999999999994,67.090999999999994,67.090999999999994]
["RD27",72.300499999999985,72.300499999999985,72.300499999999985,72.300499999999985]
["RD30",77.452499999999986,77.452499999999986,77.452499999999986,77.452499999999986]
["RD33",82.627499999999984,82.627499999999984,82.627499999999984,82.627499999999984]
["RD36",87.756500000000003,87.756500000000003,87.756500000000003,87.756500000000003]
["RHE3624",1005.6750000000001,1005.6750000000001,1005.6750000000001,"#N.A"]
["RHS483618",2294.25,2294.25,2294.25,1954.9999999999998]
["RHS5449",2875,2875,2875,2300]
["RHS6060P",3392.4999999999995,3392.4999999999995,3392.4999999999995,2714]
["FA3021",182.46360000000001,191.59690000000001,201.17295000000001,137.05009999999999]
["FA3621",219.38895000000002,233.31659999999999,244.0438,164.95600000000002]
["FA3021DL",271.62079999999997,285.19425000000001,299.45079999999996,208.61115000000001]
["FA3021DR",271.62079999999997,285.19425000000001,299.45079999999996,208.61115000000001]
["FA3621DL",320.43714999999997,336.47735000000006,353.28919999999994,246.21959999999999]
["FA3621DR",320.43714999999997,336.47735000000006,353.28919999999994,246.21959999999999]
["FSVA24",228.24394999999998,239.66690000000003,251.63380000000001,"#N.A"]
["SVA2421",151.72409999999999,161.37604999999999,168.77629999999999,114.0271]
["SVA24P",151.39520000000002,158.95989999999998,166.9041,114.0271]
["SVA09B","#N.A",129.3083,"#N.A","#N.A"]
["SVA12B",128.58725000000001,136.69589999999999,142.84380000000002,97.038149999999987]
["SVA15B",135.5574,144.17204999999998,150.64885000000001,101.8831]
["SVA18B",142.54020000000003,151.52170000000001,158.36534999999998,106.74069999999999]
["SVA21B",150.06694999999999,159.51650000000001,166.73965000000001,112.78740000000001]
["SVA09D","#N.A",193.35525000000001,"#N.A","#N.A"]
["SVA12D",192.52035000000001,202.13434999999998,212.22905,151.61025000000001]
["SVA15D",201.99520000000001,212.10255000000001,222.70325000000003,158.88399999999999]
["SVA18D",218.02275,228.92704999999998,240.37530000000001,171.01534999999998]
["SVA21D",233.00035,242.43725000000001,254.56860000000003,180.71790000000001]
["SVA24D",243.76549999999997,255.96009999999998,268.74924999999996,190.40780000000001]
["SVA188124P",510.64255000000003,536.17025000000001,562.98824999999999,355.36380000000003]
["DV1245",168.18174999999999,176.59399999999999,185.42370000000003,115.22885000000001]
["WV12336",89.334300000000013,93.799750000000003,98.492899999999992,67.917850000000001]
["SVAM24336",174.25375,187.18205,195.75875000000002,131.0034]
["SVAM30336",208.01660000000001,223.42429999999999,233.67079999999999,156.46785]
["SVAM2427",92.762450000000001,97.405000000000001,102.27525,70.35929999999999]
["SVAM3027",115.9499,121.75625000000001,127.85355,87.322950000000006]
["#24",40.204000000000001,42.200400000000002,44.320999999999998,30.322049999999997]
["BDD24",87.221750000000014,92.446200000000005,97.076099999999997,63.072899999999997]
["W2412F",1.6065500000000001,16.12875,16.88775,12.144]
["W3012F",19.658100000000001,20.910450000000001,21.884499999999999,14.56015]
["W3312F",20.758649999999999,22.289300000000001,23.33925,15.761900000000001]
["W3612F",23.6555,25.198800000000002,26.312000000000001,18.20335]
["W2415F",18.924400000000002,20.315899999999999,21.26465,14.56015]
["W3015F",24.781350000000003,26.387899999999998,27.53905,19.405100000000001]
["W3315F",26.22345,28.196850000000001,29.449200000000001,19.405100000000001]
["W3615F",29.828699999999998,31.713549999999998,33.180949999999996,23.060949999999998]
["W2418F",22.845899999999997,24.52835,25.641549999999999,17.0016]
["W3018F",29.904599999999999,31.814749999999997,33.269500000000001,23.060949999999998]
["W3318F",31.549100000000003,33.88935,35.457950000000004,24.262700000000002]
["W3618F",36.001899999999999,38.2789,39.999299999999998,26.704149999999998]
["W2421F","#N.A","#N.A","#N.A",20.619500000000002]
["W3021F",35.002549999999999,37.241600000000005,38.974649999999997,26.704149999999998]
["W3321F",37.064500000000002,39.834850000000003,41.643799999999999,27.905899999999999]
["W3621F",42.111849999999997,44.818950000000001,46.842950000000002,31.561749999999996]
["W2424F",30.650950000000002,32.902650000000001,34.433299999999996,23.060949999999998]
["W3024F",40.16375,42.66845,44.616550000000004,30.322049999999997]
["W3324F",42.377499999999998,45.514699999999998,47.601950000000002,31.561749999999996]
["W3624F",48.297699999999999,51.3337,53.673949999999998,36.39405]
["W0930F",29.879300000000001,31.789449999999999,33.231549999999999,23.060949999999998]
["W1230F",40.125799999999998,42.643149999999999,44.591250000000002,30.322049999999997]
["W1530F",50.359650000000002,53.598049999999994,56.026849999999996,38.810200000000002]
["W1830F",60.631450000000001,64.489699999999999,67.411850000000001,46.109250000000003]
["W2130F",70.890600000000006,75.36869999999999,78.834800000000001,53.370349999999995]
["W2730F",45.261700000000005,48.13324999999999,50.334350000000001,33.965250000000005]
["W3330F",55.482900000000001,59.037549999999996,61.719349999999999,41.251649999999998]
["W0936F",35.938649999999996,38.202999999999996,39.948699999999995,26.704149999999998]
["W1236F",48.297699999999999,51.3337,53.673949999999998,36.39405]
["W1536F",60.631450000000001,64.489699999999999,67.411850000000001,46.109250000000003]
["W1836F",72.914599999999993,77.595100000000002,81.099149999999995,55.811799999999998]
["W2136F",85.273649999999989,90.713149999999999,94.887650000000008,64.274650000000008]
["W2736F",54.45825,57.924349999999997,60.593499999999999,41.251649999999998]
["W3336F",66.7667,71.004450000000006,74.280799999999999,50.954200000000007]
["W0942F",41.985349999999997,44.641849999999998,46.729099999999995,31.561749999999996]
["W1242F",56.431650000000005,60.024250000000002,62.769299999999994,42.453400000000002]
["W1542F",70.865300000000005,75.330749999999995,78.796850000000006,53.370349999999995]
["W1842F",85.248350000000002,90.687849999999997,94.824399999999997,64.274650000000008]
["W2142F",99.732599999999991,106.01965000000001,110.8899,75.216899999999995]
["W2742F",63.667449999999995,67.715450000000004,70.789400000000001,48.525400000000005]
["W3342F",78.063149999999993,83.02194999999999,86.816949999999991,58.22795]
["WM1230",23.832599999999999,25.047000000000001,26.286700000000003,18.20335]
["WM1530",27.728800000000003,29.094999999999999,30.54975,21.846549999999997]
["WM1830",32.017150000000001,33.63635,35.306150000000002,24.262700000000002]
["WM1236",26.463800000000003,27.79205,29.170899999999996,19.405100000000001]
["WM1536",30.410600000000002,31.915950000000002,33.50985,23.060949999999998]
["WM1836",34.661000000000001,36.381399999999999,38.202999999999996,26.704149999999998]
["WM1242",29.145599999999998,30.600350000000002,32.143650000000001,21.846549999999997]
["WM1542",33.269500000000001,34.939300000000003,36.697650000000003,25.464449999999999]
["WM1842",37.975300000000004,39.885450000000006,41.884149999999998,29.1203]
["WMDC2430",30.031099999999999,31.536449999999999,33.105049999999999,23.060949999999998]
["WMDC2436",32.62435,34.26885,35.976599999999998,24.262700000000002]
["WMDC2442",35.280850000000001,37.02655,38.873450000000005,26.704149999999998]
["WP18BF",103.04689999999998,109.5996,114.63430000000001,77.633049999999997]
["WP24BF",68.714799999999997,73.129649999999998,76.431299999999993,52.168599999999998]
["WP30BF",85.893500000000003,91.3583,95.570750000000004,65.514349999999993]
["PDDU27-A",49.904249999999998,50.890949999999997,52.839050000000007,33.108499999999999]
["PDDU27-B",60.062199999999997,61.238649999999993,63.629499999999993,40.204000000000001]
["PDDU27-C",70.194850000000002,71.599000000000004,74.356699999999989,47.287999999999997]
["PDDL27",88.515499999999989,90.3095,93.74799999999999,59.132999999999996]
["DWR-L/R",52.738999999999997,55.372499999999995,58.143999999999998,37.608449999999998]
["RRP8427",79.555849999999992,83.527950000000004,87.715100000000007,57.026199999999996]
["RRP9027",84.780299999999997,89.018050000000002,93.458199999999991,60.656750000000002]
["RRP9627",90.042700000000011,94.558750000000003,99.289849999999987,64.274650000000008]
["RRP9627*3/4",97.240550000000013,103.4517,108.1575,50.954200000000007]
["RRP9648*3/4",140.18729999999999,149.10554999999999,155.91125,"#N.A"]
["RRP9627*5/8","#N.A","#N.A","#N.A","#N.A"]
["BP9636*3/4","#N.A",257.68049999999999,"#N.A","#N.A"]
["BP9636*5/8","#N.A",208.91475,"#N.A","#N.A"]
["BP9636",68.208799999999997,71.624300000000005,75.204250000000002,29.1203]
["TK8",13.95295,14.6487,15.369750000000002,9.7151999999999994]
["BF3",18.165399999999998,19.063549999999999,20.0123,13.345750000000001]
["BF6",34.0032,35.685650000000003,37.469299999999997,24.262700000000002]
["WF330",11.600050000000001,12.1693,12.789149999999999,8.5134500000000006]
["WF336",13.915000000000001,14.598100000000001,15.319149999999999,9.7151999999999994]
["WF342",16.242599999999999,17.06485,17.925049999999999,12.144]
["WF630",23.111550000000001,24.262700000000002,25.464449999999999,17.0016]
["WF636",26.299349999999997,27.6023,28.98115,19.405100000000001]
["WF642",29.4998,30.979849999999999,32.523150000000001,21.846549999999997]
["BM10-4 1/2",62.845199999999998,65.982399999999998,69.2714,46.109250000000003]
["CM34-1 1/2",20.847200000000001,22.390499999999999,23.415150000000004,15.761900000000001]
["CM34-3",36.912699999999994,38.746950000000005,40.695050000000009,26.704149999999998]
["CM34-6",73.787449999999993,77.481249999999989,81.364799999999988,54.58475]
["CM34-9",75.495200000000011,81.048549999999992,84.805600000000013,57.026199999999996]
["QRM10",29.525100000000002,30.9925,32.548450000000003,21.846549999999997]
["OCM8",30.271449999999998,31.776800000000005,33.358050000000006,17.0016]
["TLR10-A",62.073549999999997,65.185450000000003,68.449149999999989,43.667800000000007]
["WPM10",29.208849999999998,31.081049999999998,32.49785,21.846549999999997]
["CR10",18.20335,19.101499999999998,20.050250000000002,13.345750000000001]
["FSM10",25.603599999999997,26.868599999999997,28.222149999999999,18.20335]
["SM8",8.7791000000000015,9.2092000000000009,9.6772500000000008,7.2990500000000003]
["OGM10",43.819600000000001,45.995399999999997,48.31035,31.561749999999996]
["WDM10",32.485199999999999,34.104399999999998,35.812150000000003,"#N.A"]
["ST10","#N.A",42.377499999999998,"#N.A",29.1203]
["ST10-4 1/4","#N.A",92.218499999999992,"#N.A",66.716100000000012]
["ST10-5 1/4","#N.A",108.4864,"#N.A","#N.A"]
["AST10-3 1/4","#N.A",86.353499999999997,"#N.A",60.656750000000002]
["AST10-4 1/4","#N.A",106.099,"#N.A",76.41865]
["AST10-5 1/4","#N.A",129.13120000000001,"#N.A","#N.A"]
["CM10",41.542600000000007,43.629850000000005,45.80565,"#N.A"]
["ACM10-3 1/4",84.641149999999996,88.878900000000016,93.331699999999998,"#N.A"]
["ACM10-5 1/4",126.58854999999998,132.92619999999999,139.58009999999999,"#N.A"]
["CCM10-A",95.570750000000004,100.36510000000001,105.3745,"#N.A"]
["V30A",19.64545,20.632149999999996,21.656800000000004,"#N.A"]
["V33A",20.594200000000001,21.59355,22.681450000000002,"#N.A"]
["V36A",22.428450000000002,23.566950000000002,24.743400000000001,"#N.A"]
["V42A",26.590299999999999,27.931199999999997,29.335350000000002,"#N.A"]
["V48A",30.8154,32.346049999999998,33.952599999999997,"#N.A"]
["V54A",33.8767,36.381399999999999,38.063850000000002,"#N.A"]
["V60A",39.834850000000003,41.820900000000002,43.908149999999999,"#N.A"]
["V30B",14.6487,15.382400000000001,16.154049999999998,10.916950000000002]
["V33B",16.293200000000002,17.102799999999998,17.963000000000001,12.144]
["V36B",17.925049999999999,18.810549999999999,19.7593,13.345750000000001]
["V42B",21.21405,22.264000000000003,23.377200000000002,15.761900000000001]
["V48B",24.4651,25.692149999999998,26.98245,18.20335]
["V54B",26.868599999999997,28.905250000000002,30.195550000000001,20.619500000000002]
["V60B",31.599699999999999,33.180949999999996,34.838099999999997,23.060949999999998]
["RPV30",19.77195,21.062249999999999,22.010999999999999,15.761900000000001]
["RPV36",23.718749999999996,25.249400000000001,26.438500000000001,18.20335]
["RPV42",27.703499999999998,29.48715,30.8154,21.846549999999997]
["RPV48",31.675599999999999,33.686950000000003,35.217599999999997,24.262700000000002]
["RPV54",35.622399999999999,37.886749999999999,39.632449999999999,26.704149999999998]
["RPV60-15",58.809849999999997,63.174100000000003,66.058299999999988,43.667800000000007]
["RPV72-15",98.416999999999987,105.69074999999999,110.58629999999999,73.989850000000004]
["RPV30-A",161.64170000000001,168.57390000000001,169.72504999999998,121.28819999999999]
["RPV36-A",181.1986,188.97835000000001,190.26865000000001,135.8357]
["RPV42-A",200.7808,209.38280000000003,210.82490000000001,150.39585000000002]
["RPV48-A",220.33770000000001,229.79990000000001,231.36850000000001,164.95600000000002]
["RPV54-A",239.8946,250.17905000000002,251.88679999999999,180.71790000000001]
["RPV60-A",259.45150000000001,270.58350000000002,272.34185000000002,195.2654]
["RPV72-A",279.00839999999999,290.96265,292.94870000000003,209.81290000000001]
["PCVFF3",36.507899999999999,38.342149999999997,40.264949999999992,26.704149999999998]
["PCVFF6",69.043700000000001,73.420599999999993,76.823449999999994,52.168599999999998]
["CO12",51.245149999999995,53.813099999999999,56.507550000000002,7.2990500000000003]
["FB3*3",4.9334999999999996,5.1738499999999998,5.42685,3.65585]
["LB3*6",22.099549999999997,23.503699999999998,24.616900000000001,17.0016]
["LB6*10",66.994399999999999,71.270100000000014,74.546450000000007,50.954200000000007]
["AB",32.586400000000005,32.586400000000005,32.586400000000005,"#N.A"]
["AC",49.031399999999998,50.397600000000004,52.345700000000008,31.561749999999996]
["GRPO ",61.61699999999999,66.170999999999992,69.195499999999996,"#N.A"]
["RRPO ",61.61699999999999,66.170999999999992,69.195499999999996,"#N.A"]
["SC58 ","#N.A",92.471499999999992,"#N.A","#N.A"]
["SC530","#N.A",165.232,"#N.A",118.87205]
["GC58 ",96.231999999999999,102.31549999999999,107.00749999999999,"#N.A"]
["OLC318 ",100.42949999999999,106.77749999999999,111.67649999999999,"#N.A"]
["RC58 ",96.231999999999999,102.31549999999999,107.00749999999999,"#N.A"]
["RC313",125.0579,131.31965,137.88499999999999,"#N.A"]
["RLC318 ",125.06249999999999,131.3185,137.88499999999999,"#N.A"]
["RC530",376.51459999999997,395.36310000000003,415.12240000000003,"#N.A"]
["CB 34 1/2",437.73599999999993,459.64349999999996,482.60899999999998,"#N.A"]
["SP3x34 1/2",88.069299999999998,92.458850000000012,97.088750000000005,44.869549999999997]
["RP 34 1/2",92.919999999999987,97.55449999999999,102.44199999999999,"#N.A"]
["RPS 18",19.923750000000002,20.910450000000001,21.9604,"#N.A"]
["RPS 24",28.778749999999999,30.220850000000002,31.726199999999999,"#N.A"]
["RPS 30",35.407350000000001,37.178349999999995,39.0379,"#N.A"]
["RPS 36",42.035949999999993,44.135850000000005,46.336950000000002,"#N.A"]
["RPS 42",50.890949999999997,53.433600000000006,56.115400000000001,"#N.A"]
["WM1230G-A01",13.92765,13.92765,13.92765,13.92765]
["WM1236G-A01",16.786550000000002,16.786550000000002,16.786550000000002,16.786550000000002]
["WM1242G-A01",19.632799999999996,19.632799999999996,19.632799999999996,19.632799999999996]
["WM1530G-A01",17.71,17.71,17.71,17.71]
["WM1536G-A01",21.327899999999996,21.327899999999996,21.327899999999996,21.327899999999996]
["WM1542G-A01",24.945799999999998,24.945799999999998,24.945799999999998,24.945799999999998]
["WM1830G-A01",21.441749999999999,21.441749999999999,21.441749999999999,21.441749999999999]
["WM1836G-A01",25.831300000000002,25.831300000000002,25.831300000000002,25.831300000000002]
["WM1842G-A01",30.258800000000004,30.258800000000004,30.258800000000004,30.258800000000004]
["GS12",15.357099999999999,15.357099999999999,15.357099999999999,15.357099999999999]
["GS15",17.95035,17.95035,17.95035,17.95035]
["GS18",21.51765,21.51765,21.51765,21.51765]
["GS24",25.110250000000004,25.110250000000004,25.110250000000004,25.110250000000004]
["GS27",28.702850000000002,28.702850000000002,28.702850000000002,28.702850000000002]
["GS30",32.295450000000002,32.295450000000002,32.295450000000002,32.295450000000002]
["GS36",38.240949999999998,38.240949999999998,38.240949999999998,38.240949999999998]
["GSDC24",42.352200000000003,42.352200000000003,42.352200000000003,42.352200000000003]
["GSDC27",45.906849999999999,45.906849999999999,45.906849999999999,45.906849999999999]
["MODI. WALL1",55,55,55,55]
["MODI. WALL2",75,75,75,75]
["MODI. WALL3",55,55,55,55]
["MODI. WALL4",95,95,95,95]
["MODI. WALL5",55,55,55,55]
["MODI. WALL6",75,75,75,75]
["MODI. WALL7",75,75,75,75]
["MODI. WALL8",55,55,55,55]
["MODI.BASE1",75,75,75,75]
["MODI.BASE2",95,95,95,95]
["MODI.BASE3",75,75,75,75]
["MODI.BASE4",95,95,95,95]
["MODI.BASE5",55,55,55,55]
["MODI.PANTRY1",125,125,125,125]
["MODI.PANTRY2",150,150,150,150]
["MODI.PANTRY3",75,75,75,75]
["MODI.PANTRY4",150,150,150,150]
["MODI.MISC1",75,75,75,75]
["MODI.MISC2",75,75,75,75]
["MODI.MISC3",55,55,55,55]
["ITEM CODE",0,0,0,0]
["ACCESSORIES",0,0,0,0]
["TOUCH UP",5,5,5,5]
["DELIVERY",125,125,125,125]

{"sheet":"LIBERTY","index":4,"n_rows":169,"n_cols":12,"rows_kept":169,"cut":false,"hidden":false,"merged":[]}
["ITEM","CHERRY ROPE (CR1)","CHERRY SHAKER (CS6)","ESPRESSO SHAKER (ES2)","IVORY GLAZED (IV5)","MAHOGANY RAISED (MR3)","SNOW WHITE (S8)","WHITE SHAKER (WS7)",null,null,"CODE","DOOR STYLE "]
["W0930",51.7,46.2,45.1,51.7,55,40.25,51.7,null,null,"CR1","CHERRY ROPE (CR1)"]
["W1230",58.3,58.3,50.6,69.3,63.8,47.15,69.3,null,null,"CS6","CHERRY SHAKER (CS6)"]
["W1530",63.8,62.7,56.1,74.8,75.900000000000006,48.3,74.8,null,null,"ES2","ESPRESSO SHAKER (ES2)"]
["W1830",69.3,68.2,63.8,78.099999999999994,83.6,54.05,78.099999999999994,null,null,"IV5","IVORY GLAZED (IV5)"]
["W2130",74.8,75.900000000000006,69.3,94.6,95.7,65.55,94.6,null,null,"MR3","MAHOGANY RAISED (MR3)"]
["W2430",86.9,85.8,75.900000000000006,106.7,101.2,75.900000000000006,106.7,null,null,"S8","SNOW WHITE (S8)"]
["W2730",92.4,92.4,86.9,110,110,79.349999999999994,110,null,null,"WS7","WHITE SHAKER (WS7)"]
["W3030",104.5,97.9,94.6,124.3,124.3,88.55,124.3]
["W3330",110,97.9,105.6,127.6,133.1,95.45,127.6]
["W3630",113.3,105.6,122.1,133.1,146.30000000000001,108.1,133.1]
["WDC2430",127.6,110,132,144.1,150.69999999999999,113.85,144.1]
["WBC2730",104.5,91.3,91.3,105.6,107.8,79.349999999999994,105.6]
["MWC2730",81.400000000000006,97.9,91.3,136.4,115.5,95.45,136.4]
["MWC3030",97.9,94.6,102.3,144.1,138.6,101.2,144.1]
["WES0630",46.2,51.7,39.6,58.3,46.2,27.6,58.3]
["WES0930",49.5,55,50.6,69.3,58.3,36.799999999999997,69.3]
["WEA1230",115.5,86.9,108.9,127.6,115.5,85.1,127.6]
["W0939",63.8,62.7,56.1,74.8,64.900000000000006,50.6,74.8]
["W1239",74.8,72.599999999999994,73.7,86.9,77,60.95,86.9]
["W1539",86.9,75.900000000000006,82.5,92.4,86.9,70.150000000000006,92.4]
["W1839",92.4,84.7,91.3,97.9,97.9,78.2,97.9]
["W2139",97.9,94.6,96.8,107.8,107.8,87.4,107.8]
["W2439",110,111.1,108.9,127.6,118.8,104.65,127.6]
["W2739",115.5,119.9,119.9,138.6,127.6,116.15,138.6]
["W3039",127.6,124.3,125.4,146.30000000000001,144.1,126.5,146.30000000000001]
["W3339",133.1,130.9,134.19999999999999,150.69999999999999,156.19999999999999,133.4,150.69999999999999]
["W3639",138.6,136.4,154,161.69999999999999,163.9,141.44999999999999,161.69999999999999]
["WDC2439",150.69999999999999,144.1,148.5,156.19999999999999,169.4,146.05000000000001,156.19999999999999]
["WBC2739",110,110,119.9,113.3,133.1,117.3,113.3]
["MWC2739",101.2,124.3,108.9,154,136.4,98.9,154]
["MWC3039",110,106.7,119.9,171.6,144.1,100.05,171.6]
["WES0639",61.6,68.2,50.6,74.8,58.3,37.950000000000003,74.8]
["WES0939",67.099999999999994,73.7,62.7,86.9,69.3,46,86.9]
["WEA1239",138.6,115.5,132,138.6,138.6,112.7,138.6]
["WRC3018",81.400000000000006,63.8,62.7,75.900000000000006,81.400000000000006,75.900000000000006,75.900000000000006]
["SGH30",35.200000000000003,28.6,27.5,35.200000000000003,35.200000000000003,25.3,35.200000000000003]
["W0912",51.7,47.3,{"$error":"#N/A"},51.7,55,{"$error":"#N/A"},51.7]
["W1212",58.3,56.1,{"$error":"#N/A"},69.3,63.8,{"$error":"#N/A"},69.3]
["W1512",63.8,60.5,{"$error":"#N/A"},74.8,75.900000000000006,{"$error":"#N/A"},74.8]
["W1812",69.3,67.099999999999994,{"$error":"#N/A"},78.099999999999994,83.6,{"$error":"#N/A"},78.099999999999994]
["W2112",74.8,75.900000000000006,{"$error":"#N/A"},94.6,95.7,{"$error":"#N/A"},94.6]
["W2412",86.9,88,53.9,106.7,101.2,{"$error":"#N/A"},106.7]
["W2712",92.4,94.6,{"$error":"#N/A"},110,110,{"$error":"#N/A"},110]
["WDC2412",104.5,110,{"$error":"#N/A"},115.5,150.69999999999999,{"$error":"#N/A"},115.5]
["BSR09",97.9,97.9,102.3,110,113.3,103.5,110]
["B09",81.400000000000006,78.099999999999994,79.2,86.9,86.9,72.45,86.9]
["B12",92.4,86.9,89.1,97.9,97.9,77.05,97.9]
["B15",97.9,90.2,99,104.5,113.3,80.5,104.5]
["B18",104.5,93.5,106.7,115.5,123.2,87.4,115.5]
["B21",110,104.5,119.9,127.6,135.30000000000001,96.6,127.6]
["B24",121,118.8,127.6,144.1,144.1,109.25,144.1]
["B27",127.6,130.9,143,150.69999999999999,159.5,118.45,150.69999999999999]
["B30",144.1,138.6,154,184.8,173.8,129.94999999999999,184.8]
["B33",150.69999999999999,147.4,178.2,189.2,193.6,148.35,189.2]
["B36",159.5,154,193.6,199.1,205.7,158.69999999999999,199.1]
["BWB15",133.1,145.19999999999999,{"$error":"#N/A"},127.6,138.6,156.4,127.6]
["BWB18",138.6,156.19999999999999,143,138.6,146.30000000000001,188.6,138.6]
["DB12",144.1,148.5,145.19999999999999,176,160.6,148.35,176]
["DB15",156.19999999999999,160.6,156.19999999999999,189.2,177.1,154.1,189.2]
["DB18",167.2,166.1,169.4,204.6,190.3,161,204.6]
["DB21",173.8,171.6,183.7,217.8,199.1,166.75,217.8]
["DB24",184.8,178.2,200.2,232.1,228.8,173.65,232.1]
["DB30",300.3,231,293.7,300.3,300.3,215.05,300.3]
["DB36",346.5,305.8,316.8,346.5,346.5,227.7,346.5]
["SB27",115.5,112.2,108.9,124.3,128.69999999999999,93.15,124.3]
["SB30",133.1,115.5,137.5,140.80000000000001,145.19999999999999,103.5,140.80000000000001]
["SB33",138.6,118.8,148.5,158.4,159.5,108.1,158.4]
["SB36",156.19999999999999,122.1,160.6,168.3,182.6,113.85,168.3]
["SB42",167.2,156.19999999999999,171.6,174.9,196.9,151.80000000000001,174.9]
["SBA36",266.2,207.9,207.9,294.8,294.8,173.65,294.8]
["BBC36",138.6,127.6,147.4,184.8,171.6,131.1,184.8]
["BBC42",159.5,139.69999999999999,165,194.7,182.6,141.44999999999999,194.7]
["LSB33",254.1,254.1,247.5,271.7,266.2,209.3,271.7]
["LSB36",289.3,271.7,278.3,300.3,284.89999999999998,217.35,300.3]
["PC158427",231,247.5,212.3,312.39999999999998,243.1,234.6,312.39999999999998]
["PC188427",254.1,248.6,247.5,338.8,266.2,236.9,338.8]
["PC248427",282.7,297,293.7,430.1,300.3,280.60000000000002,430.1]
["PC159327",254.1,270.60000000000002,247.5,346.5,266.2,253,346.5]
["PC189327",277.2,271.7,270.60000000000002,370.7,284.89999999999998,255.3,370.7]
["PC249327",300.3,320.10000000000002,316.8,465.3,328.9,300.14999999999998,465.3]
["Wall Oven",693,693,693,693,693,{"$error":"#N/A"},693]
["W2415",63.8,55,62.7,88,63.8,49.45,88]
["W2418",69.3,59.4,73.7,95.7,74.8,52.9,95.7]
["W2424",92.4,66,85.8,115.5,86.9,59.8,115.5]
["WDC2424",115.5,110,127.6,138.6,138.6,{"$error":"#N/A"},127.6]
["W3012",63.8,58.3,56.1,69.3,63.8,52.9,69.3]
["W3015",69.3,63.8,62.7,74.8,72.599999999999994,54.05,74.8]
["W3018",74.8,67.099999999999994,68.2,79.2,74.8,57.5,79.2]
["W3021",86.9,72.599999999999994,73.7,86.9,86.9,70.150000000000006,86.9]
["W3024",92.4,78.099999999999994,79.2,101.2,92.4,71.3,101.2]
["W3312",58.3,71.5,62.7,71.5,69.3,57.5,71.5]
["W3315",69.3,70.400000000000006,68.2,75.900000000000006,74.8,59.8,75.900000000000006]
["W3318",81.400000000000006,75.900000000000006,71.5,90.2,78.099999999999994,65.55,90.2]
["W3321",92.4,102.3,79.2,92.4,86.9,85.1,92.4]
["W3324",97.9,104.5,85.8,106.7,92.4,88.55,106.7]
["W3612",74.8,70.400000000000006,68.2,78.099999999999994,74.8,59.8,78.099999999999994]
["W3615",81.400000000000006,73.7,73.7,88,81.400000000000006,62.1,88]
["W3618",86.9,78.099999999999994,79.2,93.5,86.9,70.150000000000006,93.5]
["W3621",92.4,83.6,85.8,102.3,92.4,72.45,102.3]
["W3624",104.5,89.1,91.3,118.8,97.9,78.2,118.8]
["W301527",92.4,89.1,96.8,115.5,97.9,82.8,115.5]
["W301827",97.9,93.5,102.3,115.5,104.5,88.55,115.5]
["W302127",104.5,102.3,108.9,121,110,90.85,121]
["W302427",115.5,107.8,119.9,123.2,138.6,95.45,123.2]
["W331527",110,92.4,114.4,135.30000000000001,115.5,86.25,135.30000000000001]
["W331827",133.1,97.9,119.9,138.6,121,90.85,138.6]
["W332127",138.6,102.3,125.4,140.80000000000001,129.80000000000001,95.45,140.80000000000001]
["W332427",104.5,127.6,137.5,150.69999999999999,144.1,101.2,150.69999999999999]
["W361227",110,96.8,108.9,136.4,115.5,83.95,136.4]
["W361527",110,99,119.9,144.1,121,88.55,144.1]
["W361827",121,106.7,132,152.9,127.6,92,152.9]
["W362127",138.6,121,143,160.6,150.69999999999999,101.2,160.6]
["W362427",150.69999999999999,135.30000000000001,148.5,167.2,156.19999999999999,116.15,167.2]
["GD1530",115.5,91.3,85.8,115.5,127.6,{"$error":"#N/A"},115.5]
["GD1830",133.1,102.3,97.9,127.6,133.1,{"$error":"#N/A"},127.6]
["GD2430",150.69999999999999,143,134.19999999999999,143,179.3,{"$error":"#N/A"},143]
["GD3030",173.8,167.2,163.9,176,190.3,{"$error":"#N/A"},176]
["GD3630",184.8,174.9,191.4,190.3,202.4,{"$error":"#N/A"},190.3]
["GWDC2430",173.8,138.6,160.6,176,207.9,{"$error":"#N/A"},176]
["GD1539",127.6,111.1,116.6,127.6,140.80000000000001,{"$error":"#N/A"},127.6]
["GD1839",144.1,124.3,132,144.1,150.69999999999999,{"$error":"#N/A"},144.1]
["GD2439",167.2,180.4,178.2,156.19999999999999,202.4,{"$error":"#N/A"},156.19999999999999]
["GD3039",190.3,205.7,206.8,193.6,217.8,{"$error":"#N/A"},193.6]
["GD3639",202.4,216.7,234.3,213.4,243.1,{"$error":"#N/A"},213.4]
["GWDC2439",196.9,179.3,183.7,182.6,220,{"$error":"#N/A"},182.6]
["BEOS09",69.3,75.900000000000006,62.7,102.3,69.3,59.8,102.3]
["BEA12",138.6,115.5,132,138.6,138.6,123.05,138.6]
["REP27*96",60.5,60.5,60.5,63.8,63.8,63.25,63.8]
["PN48*96 (1/4\")",46.2,37.4,37.4,51.7,51.7,37.950000000000003,51.7]
["BRP2430",46.2,37.4,37.4,63.8,58.3,37.950000000000003,63.8]
["WRP1230",35.200000000000003,23.1,23.1,40.700000000000003,40.700000000000003,20.7,40.700000000000003]
["WRP1239",46.2,28.6,28.6,44,46.2,25.3,44]
["WF330",12.1,7.7,7.7,12.1,12.1,6.9,12.1]
["WFF330",28.6,19.8,19.8,28.6,28.6,{"$error":"#N/A"},28.6]
["WF339",12.1,12.1,12.1,17.600000000000001,17.600000000000001,10.35,17.600000000000001]
["WF630",17.600000000000001,16.5,14.3,23.1,23.1,12.65,23.1]
["WF639",28.6,19.8,19.8,28.6,28.6,19.55,28.6]
["BF3",12.1,12.1,12.1,17.600000000000001,17.600000000000001,12.65,17.600000000000001]
["BFF3",40.700000000000003,23.1,23.1,28.6,40.700000000000003,{"$error":"#N/A"},28.6]
["BF6",23.1,19.8,19.8,28.6,23.1,19.55,28.6]
["SM8",12.1,7.7,7.7,17.600000000000001,12.1,12.65,17.600000000000001]
["CM 2.3/4\"",44,35.200000000000003,35.200000000000003,44,44,32.200000000000003,44]
["CM8",55,46.2,46.2,55,55,{"$error":"#N/A"},55]
["CM8 W/Design",69.3,63.8,63.8,69.3,69.3,{"$error":"#N/A"},69.3]
["LTR8",63.8,51.7,51.7,63.8,63.8,44.85,63.8]
["OCM8",24.2,17.600000000000001,17.600000000000001,24.2,24.2,12.65,24.2]
["DWP",31.9,20.9,20.9,44,31.9,19.55,44]
["VAS36",23.1,23.1,23.1,28.6,28.6,12.65,28.6]
["VAS48",35.200000000000003,35.200000000000003,35.200000000000003,40.700000000000003,35.200000000000003,16.100000000000001,40.700000000000003]
["VAS72",58.3,58.3,58.3,58.3,58.3,20.7,58.3]
["TK8",12.1,8.8000000000000007,8.8000000000000007,17.600000000000001,12.1,10.35,17.600000000000001]
["WF396",23.1,23.1,23.1,31.9,28.6,23,31.9]
["WF696",40.700000000000003,31.9,31.9,40.700000000000003,40.700000000000003,40.25,40.700000000000003]
["SP3*34.5",58.3,58.3,58.3,63.8,58.3,57.5,63.8]
["RC58",78.099999999999994,78.099999999999994,78.099999999999994,78.099999999999994,78.099999999999994,73.599999999999994,78.099999999999994]
["GRPO",23.1,35.200000000000003,35.200000000000003,35.200000000000003,35.200000000000003,23,35.200000000000003]
["VA2421",115.5,111.1,104.5,127.6,127.6,108.1,127.6]
["VA3021",127.6,127.6,132,138.6,138.6,116.15,138.6]
["VA3621",150.69999999999999,150.69999999999999,160.6,167.2,159.5,124.2,167.2]
["VAD3021 L/R",167.2,161.69999999999999,178.2,193.6,179.3,149.5,193.6]
["VAD3621 L/R",179.3,184.8,207.9,227.7,196.9,162.15,227.7]
["VAD4821",294.8,222.2,314.60000000000002,323.39999999999998,300.3,212.75,323.39999999999998]
["VAD1221",144.1,150.69999999999999,145.19999999999999,176,160.6,124.2,176]
["VAD1521",156.19999999999999,161.69999999999999,156.19999999999999,189.2,177.1,154.1,189.2]
["VAD1821",167.2,170.5,170.5,204.6,190.3,161,204.6]
["ITEM CODE",0,0,0,0,0,0,0]
["ACCESSORIES",0,0,0,0,0,0,0]
["DELIVERY",0,0,0,0,0,0,0]

{"sheet":"SJ","index":5,"n_rows":175,"n_cols":21,"rows_kept":175,"cut":false,"hidden":false,"merged":[]}
["ITEM","VANILLA CRÈME GLAZED (A1)","ACYLIC WHITE (AW)","BLUE FOREST (B1)","MOCHA MAPLE GLAZED (B2)","DARK FOREST (D1)","CINNAMON SHAKER (C1)","HEATHER GREY SHAKER (H1)","GREY FOREST (H2)","AMERICAN CHERRY (K1)","ESPRESSO SHAKER (K2)","MOCHA ROPE GLAZED (K8)","HAZELNUT ROPE (R5)","SIGNATURE GREYSTONE (S1)","SNOW FOREST (S2)","SNOW WHITE (S8)","PEARL WHITE (W1)","WHITE FOREST (W2)",null,"CODE","DOOR STYLE "]
["B09",90,94,99,81,99,75,82,99,95,91,88,84,97,99,75,97,99,null,"A1","Vanilla Crème Glazed (A1)"]
["B12",99,103,109,94,109,84,91,109,105,102,104,94,108,109,84,108,109,null,"AW","Acylic White (AW)"]
["B15",108,112,119,106,119,82,100,119,115,112,118,103,118,119,82,118,119,null,"B1","Blue Forest (B1)"]
["B18",118,118,129,116,129,100,108,129,126,120,127,113,128,129,100,128,129,null,"B2","Mocha Maple Glazed (B2)"]
["B21",128,128,141,128,141,109,119,141,137,131,141,121,141,141,109,141,141,null,"D1","Dark Forest (D1)"]
["B24",138,145,152,142,152,117,127,152,146,141,157,130,151,152,117,151,152,null,"C1","Cinnamon Shaker (C1)"]
["B27",165,152,178,164,178,124,135,178,154,149,173,139,159,178,124,159,178,null,"H1","Heather Grey Shaker (H1)"]
["B30",204,160,191,193,191,131,142,191,164,157,184,146,168,191,131,168,191,null,"H2","Grey Forest (H2)"]
["B33",211,189,204,203,204,157,171,204,197,190,203,175,203,204,157,203,204,null,"K1","American Cherry (K1)"]
["B36",220,194,214,213,214,166,180,214,206,181,218,185,213,214,166,213,214,null,"K2","Espresso Shaker (K2)"]
["BSR09",106,108,148,102,148,90,98,148,113,109,128,101,116,148,90,116,148,null,"K8","Mocha Rope Glazed (K8)"]
["BWB18",150,{"$error":"#N/A"},165,124,165,127,138,165,160,153,{"$error":"#N/A"},142,164,165,127,164,165,null,"R5","Hazelnut Rope (R5)"]
["W0930",57,49,57,60,57,42,46,57,52,48,65,44,54,57,42,54,55,null,"S1","Signature Greystone (S1)"]
["W1230",64,55,64,66,64,48,52,64,59,54,73,51,62,64,48,62,64,null,"S2","Snow Forest (S2)"]
["W1530",80,63,71,80,71,54,58,71,65,60,81,57,69,71,54,69,71,null,"S8","Snow White (S8)"]
["W1830",88,73,78,84,79,60,65,79,72,68,84,63,77,79,60,77,79,null,"W1","Pearl White (W1)"]
["W2130",106,83,94,99,94,72,79,94,88,82,97,76,93,94,72,93,94,null,"W2","White Forest (W2)"]
["W2430",115,90,102,103,102,78,85,102,94,88,109,82,100,102,78,100,102]
["W2730",121,95,109,113,109,84,91,109,102,94,112,88,108,109,84,108,109]
["W3030",130,103,117,129,117,90,97,117,107,101,132,93,115,117,90,115,117]
["W3330",139,107,125,167,125,95,104,125,115,109,149,99,123,125,95,123,125]
["W3630",148,116,131,142,131,101,110,131,121,121,151,106,130,131,101,130,131]
["WDC2430",144,121,142,128,142,110,120,142,131,124,148,115,142,142,110,142,142]
["WBC2730",117,91,{"$error":"#N/A"},{"$error":"#N/A"},0,{"$error":"#N/A"},{"$error":"#N/A"},0,{"$error":"#N/A"},0,{"$error":"#N/A"},{"$error":"#N/A"},{"$error":"#N/A"},{"$error":"#N/A"},{"$error":"#N/A"},{"$error":"#N/A"},{"$error":"#N/A"}]
["BEOS09 L/R",115,80,94,{"$error":"#N/A"},94,58,63,94,83,68,116,63,74,94,58,74,94]
["BEA24 L/R",189,118,201,189,201,113,122,201,181,190,204,156,145,201,113,145,201]
["WEOS0930 L/R",65,49,65,63,65,25,28,65,49,49,69,29,65,65,25,65,65]
["WEOS0936 L/R",70,{"$error":"#N/A"},{"$error":"#N/A"},69,73,{"$error":"#N/A"},{"$error":"#N/A"},{"$error":"#N/A"},{"$error":"#N/A"},{"$error":"#N/A"},{"$error":"#N/A"},{"$error":"#N/A"},{"$error":"#N/A"},73,{"$error":"#N/A"},{"$error":"#N/A"},{"$error":"#N/A"}]
["WEOS0939 L/R",{"$error":"#N/A"},61,81,{"$error":"#N/A"},81,26,38,81,61,61,71,33,81,81,26,81,81]
["WEA1230 L/R",116,99,124,109,124,94,102,124,118,109,141,103,124,124,94,124,124]
["WEA1236 L/R",139,{"$error":"#N/A"},{"$error":"#N/A"},139,137,{"$error":"#N/A"},{"$error":"#N/A"},{"$error":"#N/A"},{"$error":"#N/A"},{"$error":"#N/A"},{"$error":"#N/A"},{"$error":"#N/A"},{"$error":"#N/A"},137,{"$error":"#N/A"},{"$error":"#N/A"},{"$error":"#N/A"}]
["WEA1239 L/R",{"$error":"#N/A"},136,151,{"$error":"#N/A"},151,116,127,151,157,146,151,136,151,151,116,151,151]
["MWC2736",184,{"$error":"#N/A"},{"$error":"#N/A"},184,107,{"$error":"#N/A"},{"$error":"#N/A"},{"$error":"#N/A"},{"$error":"#N/A"},{"$error":"#N/A"},{"$error":"#N/A"},{"$error":"#N/A"},{"$error":"#N/A"},107,{"$error":"#N/A"},{"$error":"#N/A"},{"$error":"#N/A"}]
["MWC2739",{"$error":"#N/A"},109,120,{"$error":"#N/A"},120,94,102,120,126,117,204,109,120,120,94,120,120]
["MWC3030",{"$error":"#N/A"},97,114,170,114,87,94,114,108,104,189,94,{"$error":"#N/A"},114,87,114,114]
["MWC3036",204,{"$error":"#N/A"},{"$error":"#N/A"},204,127,{"$error":"#N/A"},{"$error":"#N/A"},{"$error":"#N/A"},{"$error":"#N/A"},{"$error":"#N/A"},{"$error":"#N/A"},{"$error":"#N/A"},{"$error":"#N/A"},127,{"$error":"#N/A"},{"$error":"#N/A"},{"$error":"#N/A"}]
["MWC3039",{"$error":"#N/A"},116,140,{"$error":"#N/A"},140,108,117,140,11,124,227,126,140,140,108,140,140]
["WR3018",{"$error":"#N/A"},85,73,{"$error":"#N/A"},73,54,73,73,80,73,102,97,73,73,54,73,73]
["SGH30",33,37,32,30,32,25,32,32,37,37,40,47,32,32,25,32,32]
["SB27",139,113,128,136,128,98,107,128,124,118,151,109,126,128,98,126,128]
["SB30",156,116,138,151,138,105,114,138,131,127,167,118,138,138,105,138,138]
["SB33",175,121,146,176,146,112,122,146,141,136,173,126,145,146,112,145,146]
["SB36",187,128,156,182,156,120,130,156,150,143,185,134,154,156,120,154,156]
["SBA36",294,206,180,275,180,139,151,180,205,162,275,151,179,180,139,179,180]
["W0936",73,{"$error":"#N/A"},{"$error":"#N/A"},64,63,{"$error":"#N/A"},{"$error":"#N/A"},{"$error":"#N/A"},{"$error":"#N/A"},{"$error":"#N/A"},{"$error":"#N/A"},{"$error":"#N/A"},{"$error":"#N/A"},63,{"$error":"#N/A"},{"$error":"#N/A"},{"$error":"#N/A"}]
["W1236",85,{"$error":"#N/A"},{"$error":"#N/A"},75,72,{"$error":"#N/A"},{"$error":"#N/A"},{"$error":"#N/A"},{"$error":"#N/A"},{"$error":"#N/A"},{"$error":"#N/A"},{"$error":"#N/A"},{"$error":"#N/A"},72,{"$error":"#N/A"},{"$error":"#N/A"},{"$error":"#N/A"}]
["W1536",94,{"$error":"#N/A"},{"$error":"#N/A"},88,80,{"$error":"#N/A"},{"$error":"#N/A"},{"$error":"#N/A"},{"$error":"#N/A"},{"$error":"#N/A"},{"$error":"#N/A"},{"$error":"#N/A"},{"$error":"#N/A"},80,{"$error":"#N/A"},{"$error":"#N/A"},{"$error":"#N/A"}]
["W1836",104,{"$error":"#N/A"},{"$error":"#N/A"},93,90,{"$error":"#N/A"},{"$error":"#N/A"},{"$error":"#N/A"},{"$error":"#N/A"},{"$error":"#N/A"},{"$error":"#N/A"},{"$error":"#N/A"},{"$error":"#N/A"},90,{"$error":"#N/A"},{"$error":"#N/A"},{"$error":"#N/A"}]
["W2136",119,{"$error":"#N/A"},{"$error":"#N/A"},108,113,{"$error":"#N/A"},{"$error":"#N/A"},{"$error":"#N/A"},{"$error":"#N/A"},{"$error":"#N/A"},{"$error":"#N/A"},{"$error":"#N/A"},{"$error":"#N/A"},113,{"$error":"#N/A"},{"$error":"#N/A"},{"$error":"#N/A"}]
["W2436",127,{"$error":"#N/A"},{"$error":"#N/A"},114,119,{"$error":"#N/A"},{"$error":"#N/A"},{"$error":"#N/A"},{"$error":"#N/A"},{"$error":"#N/A"},{"$error":"#N/A"},{"$error":"#N/A"},{"$error":"#N/A"},119,{"$error":"#N/A"},{"$error":"#N/A"},{"$error":"#N/A"}]
["W2736",136,{"$error":"#N/A"},{"$error":"#N/A"},126,128,{"$error":"#N/A"},{"$error":"#N/A"},{"$error":"#N/A"},{"$error":"#N/A"},{"$error":"#N/A"},{"$error":"#N/A"},{"$error":"#N/A"},{"$error":"#N/A"},128,{"$error":"#N/A"},{"$error":"#N/A"},{"$error":"#N/A"}]
["W3036",163,{"$error":"#N/A"},{"$error":"#N/A"},151,137,{"$error":"#N/A"},{"$error":"#N/A"},{"$error":"#N/A"},{"$error":"#N/A"},{"$error":"#N/A"},{"$error":"#N/A"},{"$error":"#N/A"},{"$error":"#N/A"},137,{"$error":"#N/A"},{"$error":"#N/A"},{"$error":"#N/A"}]
["W3336",167,{"$error":"#N/A"},{"$error":"#N/A"},152,142,{"$error":"#N/A"},{"$error":"#N/A"},{"$error":"#N/A"},{"$error":"#N/A"},{"$error":"#N/A"},{"$error":"#N/A"},{"$error":"#N/A"},{"$error":"#N/A"},142,{"$error":"#N/A"},{"$error":"#N/A"},{"$error":"#N/A"}]
["W3636",242,{"$error":"#N/A"},{"$error":"#N/A"},160,152,{"$error":"#N/A"},{"$error":"#N/A"},{"$error":"#N/A"},{"$error":"#N/A"},{"$error":"#N/A"},{"$error":"#N/A"},{"$error":"#N/A"},{"$error":"#N/A"},152,{"$error":"#N/A"},{"$error":"#N/A"},{"$error":"#N/A"}]
["WDC2436",151,{"$error":"#N/A"},{"$error":"#N/A"},143,161,{"$error":"#N/A"},{"$error":"#N/A"},{"$error":"#N/A"},{"$error":"#N/A"},{"$error":"#N/A"},{"$error":"#N/A"},{"$error":"#N/A"},{"$error":"#N/A"},161,{"$error":"#N/A"},{"$error":"#N/A"},{"$error":"#N/A"}]
["WBC2736",131,{"$error":"#N/A"},{"$error":"#N/A"},{"$error":"#N/A"},0,{"$error":"#N/A"},{"$error":"#N/A"},{"$error":"#N/A"},{"$error":"#N/A"},{"$error":"#N/A"},{"$error":"#N/A"},{"$error":"#N/A"},{"$error":"#N/A"},{"$error":"#N/A"},{"$error":"#N/A"},{"$error":"#N/A"},{"$error":"#N/A"}]
["GD1230",50,50,50,50,50,50,50,50,50,50,50,50,50,50,50,50,50]
["GD1530",50,50,50,50,50,50,50,50,50,50,50,50,50,50,50,50,50]
["GD1830",50,50,50,50,50,50,50,50,50,50,50,50,50,50,50,50,50]
["GD1236",50,{"$error":"#N/A"},{"$error":"#N/A"},50,50,{"$error":"#N/A"},{"$error":"#N/A"},{"$error":"#N/A"},{"$error":"#N/A"},{"$error":"#N/A"},{"$error":"#N/A"},{"$error":"#N/A"},{"$error":"#N/A"},50,{"$error":"#N/A"},{"$error":"#N/A"},{"$error":"#N/A"}]
["GD1536",50,{"$error":"#N/A"},{"$error":"#N/A"},50,50,{"$error":"#N/A"},{"$error":"#N/A"},{"$error":"#N/A"},{"$error":"#N/A"},{"$error":"#N/A"},{"$error":"#N/A"},{"$error":"#N/A"},{"$error":"#N/A"},50,{"$error":"#N/A"},{"$error":"#N/A"},{"$error":"#N/A"}]
["GD1836",50,{"$error":"#N/A"},{"$error":"#N/A"},50,50,{"$error":"#N/A"},{"$error":"#N/A"},{"$error":"#N/A"},{"$error":"#N/A"},{"$error":"#N/A"},{"$error":"#N/A"},{"$error":"#N/A"},{"$error":"#N/A"},50,{"$error":"#N/A"},{"$error":"#N/A"},{"$error":"#N/A"}]
["GD1239",{"$error":"#N/A"},50,50,{"$error":"#N/A"},50,50,50,50,50,50,50,50,50,50,50,50,50]
["GD1539",{"$error":"#N/A"},50,50,{"$error":"#N/A"},50,50,50,50,50,50,50,50,50,50,50,50,50]
["GD1839",{"$error":"#N/A"},50,50,{"$error":"#N/A"},50,50,50,50,50,50,50,50,50,50,50,50,50]
["LSB33",283,208,264,288,264,186,202,264,247,255,282,202,240,264,186,240,264]
["LSB36",307,225,278,310,278,203,221,278,261,279,310,220,261,278,203,261,278]
["BBC3642 L/R",{"$error":"#N/A"},{"$error":"#N/A"},175,{"$error":"#N/A"},174,134,146,174,{"$error":"#N/A"},{"$error":"#N/A"},{"$error":"#N/A"},{"$error":"#N/A"},173,174,134,173,174]
["DB12",194,182,161,192,161,125,135,161,156,152,200,139,160,161,125,160,161]
["DB15",211,194,174,204,174,135,146,174,168,168,216,150,173,174,135,173,174]
["DB18",226,206,186,215,187,144,157,187,181,176,233,162,186,187,144,186,187]
["DB21",241,211,200,241,200,154,168,200,193,192,247,172,199,200,154,199,200]
["DB24",257,218,227,248,227,164,178,227,205,205,264,184,211,227,164,211,227]
["DB27",{"$error":"#N/A"},{"$error":"#N/A"},{"$error":"#N/A"},{"$error":"#N/A"},285,{"$error":"#N/A"},{"$error":"#N/A"},{"$error":"#N/A"},{"$error":"#N/A"},{"$error":"#N/A"},{"$error":"#N/A"},{"$error":"#N/A"},{"$error":"#N/A"},285,174,{"$error":"#N/A"},285]
["DB30",317,237,253,300,253,185,201,253,230,242,315,206,238,253,185,224,253]
["DB36*",361,0,{"$error":"#N/A"},{"$error":"#N/A"},339,{"$error":"#N/A"},223,{"$error":"#N/A"},{"$error":"#N/A"},{"$error":"#N/A"},{"$error":"#N/A"},{"$error":"#N/A"},264,339,205,238,339]
["W0939",{"$error":"#N/A"},61,66,{"$error":"#N/A"},66,51,56,66,64,60,77,54,65,66,51,65,66]
["W1239",{"$error":"#N/A"},73,77,{"$error":"#N/A"},77,59,64,124,72,71,55,53,76,77,59,76,77]
["W1539",{"$error":"#N/A"},79,87,{"$error":"#N/A"},87,66,72,87,81,80,97,72,85,87,66,85,87]
["W1839",{"$error":"#N/A"},85,96,{"$error":"#N/A"},96,74,80,96,91,85,55,79,95,96,74,95,96]
["W2139",{"$error":"#N/A"},108,124,{"$error":"#N/A"},124,94,102,124,114,106,128,101,121,124,94,121,124]
["W2439",{"$error":"#N/A"},116,131,{"$error":"#N/A"},131,101,110,131,124,115,141,106,130,131,101,130,131]
["W2739",{"$error":"#N/A"},125,139,{"$error":"#N/A"},139,107,116,139,130,121,151,114,137,139,107,137,139]
["W3039",{"$error":"#N/A"},134,151,{"$error":"#N/A"},151,116,126,151,142,132,153,124,149,151,116,149,151]
["W3339",{"$error":"#N/A"},138,154,{"$error":"#N/A"},154,120,130,154,146,137,167,127,154,154,120,154,154]
["W3639",{"$error":"#N/A"},149,167,{"$error":"#N/A"},162,128,139,167,157,146,179,137,165,167,128,165,167]
["WDC2439",{"$error":"#N/A"},150,170,{"$error":"#N/A"},170,132,143,170,158,148,229,151,169,170,132,169,170]
["WBC2739*",{"$error":"#N/A"},113,0,{"$error":"#N/A"},0,0,0,0,116,0,148,{"$error":"#N/A"},0,149,0,0,{"$error":"#N/A"}]
["PC1884",373,233,291,358,291,264,233,291,279,258,370,233,276,291,314,276,291]
["PC1890",409,{"$error":"#N/A"},{"$error":"#N/A"},394,301,{"$error":"#N/A"},{"$error":"#N/A"},{"$error":"#N/A"},{"$error":"#N/A"},{"$error":"#N/A"},{"$error":"#N/A"},{"$error":"#N/A"},{"$error":"#N/A"},301,{"$error":"#N/A"},{"$error":"#N/A"},{"$error":"#N/A"}]
["PC1893",{"$error":"#N/A"},262,311,{"$error":"#N/A"},311,282,247,311,327,297,392,251,293,311,352,293,311]
["PC2484",475,294,351,451,351,319,296,351,363,318,458,294,351,351,412,351,351]
["PC2490",513,{"$error":"#N/A"},{"$error":"#N/A"},504,360,{"$error":"#N/A"},{"$error":"#N/A"},{"$error":"#N/A"},{"$error":"#N/A"},{"$error":"#N/A"},{"$error":"#N/A"},{"$error":"#N/A"},{"$error":"#N/A"},360,{"$error":"#N/A"},{"$error":"#N/A"},{"$error":"#N/A"}]
["PC2493",{"$error":"#N/A"},326,369,{"$error":"#N/A"},369,335,311,369,424,349,509,315,369,369,455,369,369]
["BRP2330",51,49,59,51,59,35,35,{"$error":"#N/A"},44,44,49,47,35,59,35,35,59]
["WRP1130",29,28,31,29,31,21,21,{"$error":"#N/A"},25,25,31,31,21,31,21,21,31]
["WRP1136",32,{"$error":"#N/A"},{"$error":"#N/A"},32,33,{"$error":"#N/A"},{"$error":"#N/A"},{"$error":"#N/A"},{"$error":"#N/A"},{"$error":"#N/A"},{"$error":"#N/A"},{"$error":"#N/A"},{"$error":"#N/A"},33,{"$error":"#N/A"},{"$error":"#N/A"},{"$error":"#N/A"}]
["WRP1139",{"$error":"#N/A"},31,37,{"$error":"#N/A"},37,24,24,{"$error":"#N/A"},31,31,37,35,24,37,24,24,37]
["W2412",128,81,73,{"$error":"#N/A"},73,43,47,{"$error":"#N/A"},80,73,{"$error":"#N/A"},59,55,73,43,55,73]
["W2415",128,81,73,{"$error":"#N/A"},73,46,50,{"$error":"#N/A"},73,73,{"$error":"#N/A"},59,59,73,46,59,73]
["W2418",128,81,73,128,73,50,54,{"$error":"#N/A"},73,73,128,59,64,73,50,64,73]
["W2421",128,81,83,128,83,54,59,{"$error":"#N/A"},{"$error":"#N/A"},73,128,59,70,83,54,70,83]
["W2424",{"$error":"#N/A"},85,97,128,97,54,59,{"$error":"#N/A"},94,88,134,68,70,97,54,70,97]
["W3012",75,59,64,70,64,49,53,{"$error":"#N/A"},63,58,76,54,63,64,49,63,64]
["W3015",80,64,70,77,70,52,57,{"$error":"#N/A"},66,61,84,58,67,70,52,67,70]
["W3018",90,70,77,85,77,58,63,{"$error":"#N/A"},73,69,94,64,75,77,58,75,77]
["W3021",96,77,83,102,83,63,69,{"$error":"#N/A"},81,75,103,70,82,83,63,82,83]
["W3024",116,82,97,116,97,69,75,{"$error":"#N/A"},87,81,108,76,89,97,69,89,97]
["W3315",85,66,72,85,72,55,60,{"$error":"#N/A"},70,65,94,61,71,72,55,68,72]
["W3318",103,76,80,103,80,61,67,{"$error":"#N/A"},84,80,113,73,79,80,61,71,80]
["W3321",121,81,88,103,88,67,73,{"$error":"#N/A"},84,80,113,73,86,88,67,79,88]
["W3612",90,70,71,93,71,54,59,{"$error":"#N/A"},73,69,103,64,69,71,54,86,71]
["W3615",90,70,85,93,85,58,63,{"$error":"#N/A"},73,69,103,64,75,85,58,93,77]
["W3618",104,80,88,101,88,65,70,{"$error":"#N/A"},84,80,109,71,83,88,65,75,88]
["W3621",115,85,93,115,93,71,78,{"$error":"#N/A"},91,84,125,79,92,93,71,92,93]
["W3624",{"$error":"#N/A"},93,112,{"$error":"#N/A"},112,77,84,{"$error":"#N/A"},97,91,138,84,100,112,77,100,112]
["W301524",125,88,92,118,92,71,71,92,90,85,121,77,92,92,71,92,92]
["W301824",131,95,99,127,99,76,82,99,94,93,134,82,99,99,76,99,99]
["W302124",141,104,105,141,105,80,87,105,102,99,153,88,105,105,80,105,105]
["W331524",{"$error":"#N/A"},{"$error":"#N/A"},{"$error":"#N/A"},{"$error":"#N/A"},127,{"$error":"#N/A"},{"$error":"#N/A"},{"$error":"#N/A"},{"$error":"#N/A"},{"$error":"#N/A"},{"$error":"#N/A"},{"$error":"#N/A"},{"$error":"#N/A"},127,{"$error":"#N/A"},{"$error":"#N/A"},{"$error":"#N/A"}]
["W331824",{"$error":"#N/A"},{"$error":"#N/A"},{"$error":"#N/A"},{"$error":"#N/A"},127,{"$error":"#N/A"},{"$error":"#N/A"},{"$error":"#N/A"},{"$error":"#N/A"},{"$error":"#N/A"},{"$error":"#N/A"},{"$error":"#N/A"},{"$error":"#N/A"},127,{"$error":"#N/A"},{"$error":"#N/A"},{"$error":"#N/A"}]
["W332124*",{"$error":"#N/A"},{"$error":"#N/A"},140,{"$error":"#N/A"},140,100,100,140,134,134,{"$error":"#N/A"},{"$error":"#N/A"},119,140,100,119,{"$error":"#N/A"}]
["W361224",151,109,106,143,106,82,89,106,108,102,153,94,106,106,82,106,106]
["W361524",151,{"$error":"#N/A"},113,143,113,86,94,113,108,102,153,94,113,113,86,113,113]
["W361824",161,113,119,153,119,92,100,119,116,107,167,101,119,119,92,119,119]
["W362124",169,121,131,162,131,101,110,131,128,118,173,109,131,140,101,131,131]
["GW2430",178,128,154,158,154,78,85,154,130,118,187,119,154,154,78,154,154]
["GW2436",191,{"$error":"#N/A"},{"$error":"#N/A"},174,186,{"$error":"#N/A"},{"$error":"#N/A"},{"$error":"#N/A"},{"$error":"#N/A"},{"$error":"#N/A"},{"$error":"#N/A"},{"$error":"#N/A"},{"$error":"#N/A"},186,{"$error":"#N/A"},{"$error":"#N/A"},{"$error":"#N/A"}]
["GW2439",{"$error":"#N/A"},156,198,{"$error":"#N/A"},198,95,103,198,160,131,217,141,181,198,102,181,181]
["GW3030",194,141,170,198,170,90,98,170,143,129,204,129,170,170,95,170,170]
["GW3036",242,{"$error":"#N/A"},{"$error":"#N/A"},{"$error":"#N/A"},203,{"$error":"#N/A"},{"$error":"#N/A"},{"$error":"#N/A"},{"$error":"#N/A"},{"$error":"#N/A"},{"$error":"#N/A"},{"$error":"#N/A"},{"$error":"#N/A"},203,{"$error":"#N/A"},{"$error":"#N/A"},{"$error":"#N/A"}]
["GW3039",{"$error":"#N/A"},173,217,{"$error":"#N/A"},217,109,119,217,179,145,242,165,217,217,123,217,217]
["GW3630",212,154,198,225,198,102,110,198,158,145,227,149,198,198,90,198,198]
["GW3636",242,{"$error":"#N/A"},{"$error":"#N/A"},242,218,{"$error":"#N/A"},{"$error":"#N/A"},{"$error":"#N/A"},{"$error":"#N/A"},{"$error":"#N/A"},{"$error":"#N/A"},{"$error":"#N/A"},{"$error":"#N/A"},218,{"$error":"#N/A"},{"$error":"#N/A"},{"$error":"#N/A"}]
["GW3639",{"$error":"#N/A"},189,234,{"$error":"#N/A"},234,123,134,234,193,153,262,186,234,234,110,234,234]
["GWDC2430",194,146,176,163,176,110,120,176,156,152,185,136,176,176,109,176,176]
["GWDC2436",202,{"$error":"#N/A"},{"$error":"#N/A"},184,194,{"$error":"#N/A"},{"$error":"#N/A"},{"$error":"#N/A"},{"$error":"#N/A"},{"$error":"#N/A"},{"$error":"#N/A"},{"$error":"#N/A"},{"$error":"#N/A"},194,{"$error":"#N/A"},{"$error":"#N/A"},{"$error":"#N/A"}]
["GWDC2439",{"$error":"#N/A"},176,211,{"$error":"#N/A"},211,139,151,211,182,169,229,179,211,211,139,211,211]
["BF3",15,13,10,15,10,7,7,{"$error":"#N/A"},16,10,17,16,7,10,7,7,10]
["BF6",28,25,20,28,20,14,14,{"$error":"#N/A"},30,20,32,30,14,20,14,14,20]
["WF330",13,10,9,9,9,7,7,{"$error":"#N/A"},13,9,13,11,7,9,7,7,9]
["WF336",15,{"$error":"#N/A"},{"$error":"#N/A"},10,10,{"$error":"#N/A"},{"$error":"#N/A"},{"$error":"#N/A"},{"$error":"#N/A"},{"$error":"#N/A"},{"$error":"#N/A"},{"$error":"#N/A"},{"$error":"#N/A"},10,{"$error":"#N/A"},{"$error":"#N/A"},{"$error":"#N/A"}]
["WF339",{"$error":"#N/A"},13,10,{"$error":"#N/A"},10,9,9,{"$error":"#N/A"},16,10,17,16,9,10,9,9,10]
["WF396",35,31,32,31,32,25,25,{"$error":"#N/A"},35,43,37,35,41,32,25,41,32]
["WF639",{"$error":"#N/A"},{"$error":"#N/A"},20,{"$error":"#N/A"},20,41,41,{"$error":"#N/A"},30,20,31,30,18,20,41,18,20]
["WF696",{"$error":"#N/A"},68,{"$error":"#N/A"},{"$error":"#N/A"},61,{"$error":"#N/A"},{"$error":"#N/A"},{"$error":"#N/A"},{"$error":"#N/A"},{"$error":"#N/A"},{"$error":"#N/A"},{"$error":"#N/A"},{"$error":"#N/A"},61,50,{"$error":"#N/A"},{"$error":"#N/A"}]
["CMD8",{"$error":"#N/A"},{"$error":"#N/A"},61,64,61,40,40,{"$error":"#N/A"},{"$error":"#N/A"},46,{"$error":"#N/A"},{"$error":"#N/A"},40,61,40,40,61]
["CMP8",{"$error":"#N/A"},{"$error":"#N/A"},68,{"$error":"#N/A"},68,{"$error":"#N/A"},{"$error":"#N/A"},{"$error":"#N/A"},{"$error":"#N/A"},{"$error":"#N/A"},{"$error":"#N/A"},{"$error":"#N/A"},48,68,48,48,{"$error":"#N/A"}]
["CM 2 3/4",47,43,40,47,40,30,30,{"$error":"#N/A"},43,37,{"$error":"#N/A"},43,30,40,{"$error":"#N/A"},30,{"$error":"#N/A"}]
["TK8",11,13,8,7,8,8,8,{"$error":"#N/A"},10,10,15,8,8,8,8,8,8]
["LM8",49,40,37,40,37,35,35,{"$error":"#N/A"},40,35,47,41,35,37,35,35,37]
["BM8",{"$error":"#N/A"},{"$error":"#N/A"},64,{"$error":"#N/A"},64,{"$error":"#N/A"},{"$error":"#N/A"},{"$error":"#N/A"},{"$error":"#N/A"},{"$error":"#N/A"},{"$error":"#N/A"},{"$error":"#N/A"},64,64,{"$error":"#N/A"},64,64]
["OCM8",22,22,17,22,17,20,20,{"$error":"#N/A"},19,19,22,19,20,17,20,20,17]
["SM8",15,13,7,15,7,8,8,{"$error":"#N/A"},13,10,15,8,8,7,8,8,7]
["REP2496",{"$error":"#N/A"},{"$error":"#N/A"},65,61,65,{"$error":"#N/A"},{"$error":"#N/A"},{"$error":"#N/A"},{"$error":"#N/A"},61,65,59,45,65,{"$error":"#N/A"},45,{"$error":"#N/A"}]
["DWEP L/R",{"$error":"#N/A"},{"$error":"#N/A"},31,37,31,23,23,{"$error":"#N/A"},35,29,40,37,23,31,23,23,31]
["PN4896",65,43,73,65,73,38,38,{"$error":"#N/A"},59,55,65,68,38,73,38,38,73]
["VAS48",33,31,31,27,31,21,21,{"$error":"#N/A"},31,25,30,31,21,31,21,21,31]
["VAS72",42,37,37,40,37,28,28,{"$error":"#N/A"},43,32,46,37,28,36,28,28,43]
["VARP42",134,{"$error":"#N/A"},{"$error":"#N/A"},134,143,{"$error":"#N/A"},121,{"$error":"#N/A"},134,{"$error":"#N/A"},{"$error":"#N/A"},{"$error":"#N/A"},{"$error":"#N/A"},143,{"$error":"#N/A"},{"$error":"#N/A"},{"$error":"#N/A"}]
["ROT15",49,43,37,49,37,35,35,{"$error":"#N/A"},49,43,49,43,35,37,35,35,{"$error":"#N/A"}]
["ROT18",49,43,37,49,37,35,35,{"$error":"#N/A"},49,43,49,43,35,37,35,35,37]
["ROT24",55,49,43,55,43,40,40,{"$error":"#N/A"},55,49,55,49,40,43,40,40,43]
["ROT27*",{"$error":"#N/A"},{"$error":"#N/A"},49,55,49,49,49,{"$error":"#N/A"},{"$error":"#N/A"},{"$error":"#N/A"},{"$error":"#N/A"},{"$error":"#N/A"},49,49,49,49,49]
["ROT30",55,49,49,55,49,50,50,{"$error":"#N/A"},55,49,{"$error":"#N/A"},55,50,49,50,50,49]
["ROT36*",61,{"$error":"#N/A"},61,68,61,55,55,{"$error":"#N/A"},{"$error":"#N/A"},{"$error":"#N/A"},{"$error":"#N/A"},{"$error":"#N/A"},55,61,55,55,61]
["BASE CABINET CUT",45,45,45,45,45,45,45,{"$error":"#N/A"},45,45,45,45,45,45,45,45,45]
["DRAWER BASE CUT",80,80,80,80,80,80,80,{"$error":"#N/A"},80,80,80,80,80,80,80,80,80]
["BASIC CABINET CUT",35,35,35,35,35,35,35,{"$error":"#N/A"},35,35,35,35,35,35,35,35,35]
["PANTRY CUT",50,50,50,50,50,50,50,{"$error":"#N/A"},50,50,50,50,50,50,50,50,50]
["OVEN",100,100,100,100,100,100,100,{"$error":"#N/A"},100,100,100,100,100,100,100,100,100]
["ITEM CODE",0,0,0,0,0,0,0,0,0,0,0,0,0,0,0,0,0]
["ACCESSORIES",0,0,0,0,0,0,0,0,0,0,0,0,0,0,0,0,0]
["DELIVERY",0,0,0,0,0,0,0,0,0,0,0,0,0,0,0,0,0]

{"sheet":"MASTER.DATA","index":6,"n_rows":44,"n_cols":26,"rows_kept":44,"cut":false,"hidden":false,"merged":[]}
["NO","PANDA","SKYVIEW","JK3","LIBERTY","SJ CABINETRY","Column1","Column2","Column3","Column4","Column5","Column6","Column7","Column8","Column9","Column10","Column11","Column12","Column13","Column14","Column15","Column16","Column17","Column18","Column19","Column20"]
[1,"\nKATHY CINNAMON","WHITE SHAKER","CO66/J5/K10/K3/K8/M01","CHERRY ROPE (CR1)","Vanilla Crème Glazed (A1)"]
[2,"\nDOVE WHITE","IVORY GLAZED","A7/S1/S5/S8","CHERRY SHAKER (CS6)","Acylic White (AW)"]
[3,"\nWHITE SHAKER","DARK CHERRY","H8/H9","ESPRESSO SHAKER (ES2)","Blue Forest (B1)"]
[4,"\nSPRESSO SHAKE","ANTIQUE WHITE","E1","IVORY GLAZED (IV5)","Mocha Maple Glazed (B2)"]
[5,"\nGREY SHAKER","ACRYLIC WHITE",null,"MAHOGANY RAISED (MR3)","Dark Forest (D1)"]
[6,null,"REVERE CHERRY",null,"SNOW WHITE (S8)","Cinnamon Shaker (C1)"]
[7,null,null,null,"WHITE SHAKER (WS7)","Heather Grey Shaker (H1)"]
[8,null,null,null,null,"Grey Forest (H2)"]
[9,null,null,null,null,"American Cherry (K1)"]
[10,null,null,null,null,"Espresso Shaker (K2)"]
[11,null,null,null,null,"Mocha Rope Glazed (K8)"]
[12,null,null,null,null,"Hazelnut Rope (R5)"]
[13,null,null,null,null,"Signature Greystone (S1)"]
[14,null,null,null,null,"Snow Forest (S2)"]
[15,null,null,null,null,"Snow White (S8)"]
[16,null,null,null,null,"Pearl White (W1)"]
[17,null,null,null,null,"White Forest (W2)"]
[18]
[19]
[20]
[]
[]
["NO","COMPANY ","MULTIPLIER ","ASSEMBLEY "]
[1,"CENTURY 21",0.37,16]
[2,"CNC",28.125,1]
[3,"CUBITAC",0.3,1]
[4,"FABUWOOD",0.36499999999999999,1]
[5,"HANSSEM ",0.31,1]
[6,"ST MARTIN ",0.35649999999999998,1]
[7,"TSG",0.46,18]
[8,"FGM",0.28899999999999998,1]
[9,"LIFE ART",0.56999999999999995,17]
[10,"MANTRA",0.49740000000000001,1]
[11,"GOLDEN HOME",0.36,1]
[12,"PANDA",0.7,10]
[13,"SKYVIEW",1,10]
[14,"JK3",0.93,15]
[15,"LIBERTY",1,15]
[16,"SJ CABINETY",1,10]
[17]
[18]
[19]
[20]